{"id":17846,"date":"2025-02-18T08:09:15","date_gmt":"2025-02-18T13:09:15","guid":{"rendered":"https:\/\/tienda.fullermachinery.com\/?post_type=product&#038;p=17846"},"modified":"2025-07-22T15:02:07","modified_gmt":"2025-07-22T20:02:07","slug":"bano-maria-electrico-4-azafates-cubierta-vidrio","status":"publish","type":"product","link":"https:\/\/tienda.fullermachinery.com\/index.php\/producto\/bano-maria-electrico-4-azafates-cubierta-vidrio\/","title":{"rendered":"Ba\u00f1o Mar\u00eda El\u00e9ctrico | 4 Azafates | Cubierta de Vidrio Templado"},"content":{"rendered":"<p data-start=\"640\" data-end=\"919\">\ud83d\udd25 <strong data-start=\"643\" data-end=\"711\">Presentaci\u00f3n impecable y temperatura perfecta para tus alimentos<\/strong><br data-start=\"711\" data-end=\"714\" \/>El <strong data-start=\"717\" data-end=\"786\">ba\u00f1o Mar\u00eda el\u00e9ctrico con cubierta de vidrio templado y 4 azafates<\/strong> es una soluci\u00f3n profesional para cocinas que necesitan mantener alimentos calientes por largos periodos sin perder sabor ni textura.<\/p>\n<p data-start=\"921\" data-end=\"1181\">Fabricado completamente en <strong data-start=\"948\" data-end=\"988\">acero inoxidable de alta resistencia<\/strong>, ofrece m\u00e1xima durabilidad e higiene. Sus <strong data-start=\"1031\" data-end=\"1060\">4 bandejas de 5.67 litros<\/strong> permiten una gran capacidad en un dise\u00f1o compacto ideal para cocinas de alto rendimiento, buffets y eventos de catering.<\/p>\n<hr data-start=\"1183\" data-end=\"1186\" \/>\n<h3 data-start=\"1188\" data-end=\"1225\">\u2b50 <strong data-start=\"1194\" data-end=\"1225\">Caracter\u00edsticas destacadas:<\/strong><\/h3>\n<p data-start=\"1227\" data-end=\"1761\">\u2705 <strong data-start=\"1229\" data-end=\"1259\">Capacidad total de 22.68 L<\/strong>: 4 azafates de acero inoxidable con tapas incluidas.<br data-start=\"1312\" data-end=\"1315\" \/>\ud83c\udf21\ufe0f <strong data-start=\"1319\" data-end=\"1355\">Control de temperatura ajustable<\/strong>: Termostato regulable de 30\u00b0C a 85\u00b0C.<br data-start=\"1393\" data-end=\"1396\" \/>\ud83d\udee1\ufe0f <strong data-start=\"1400\" data-end=\"1419\">Seguridad total<\/strong>: Termostato l\u00edmite, luz indicadora y desag\u00fce incorporado.<br data-start=\"1477\" data-end=\"1480\" \/>\ud83d\udc8e <strong data-start=\"1483\" data-end=\"1514\">Cubierta de vidrio templado<\/strong>: Visibilidad total y f\u00e1cil acceso.<br data-start=\"1549\" data-end=\"1552\" \/>\ud83d\udccf <strong data-start=\"1555\" data-end=\"1574\">Dise\u00f1o compacto<\/strong>: Medidas 126 x 40 x 22 cm, peso 14 kg.<br data-start=\"1613\" data-end=\"1616\" \/>\u26a1 <strong data-start=\"1618\" data-end=\"1641\">Potente y eficiente<\/strong>: 1.5 kW, 110V, ideal para uso prolongado.<br data-start=\"1683\" data-end=\"1686\" \/>\ud83e\uddfc <strong data-start=\"1689\" data-end=\"1721\">F\u00e1cil limpieza y resistencia<\/strong>: Acero inoxidable de grado profesional.<\/p>\n<hr data-start=\"1763\" data-end=\"1766\" \/>\n<h3 data-start=\"1768\" data-end=\"1790\">\ud83c\udf74 <strong data-start=\"1775\" data-end=\"1790\">Ideal para:<\/strong><\/h3>\n<ul data-start=\"1792\" data-end=\"1881\">\n<li data-start=\"1792\" data-end=\"1808\">\n<p data-start=\"1794\" data-end=\"1808\">Restaurantes<\/p>\n<\/li>\n<li data-start=\"1809\" data-end=\"1832\">\n<p data-start=\"1811\" data-end=\"1832\">Buffets y comedores<\/p>\n<\/li>\n<li data-start=\"1833\" data-end=\"1857\">\n<p data-start=\"1835\" data-end=\"1857\">Cocinas industriales<\/p>\n<\/li>\n<li data-start=\"1858\" data-end=\"1881\">\n<p data-start=\"1860\" data-end=\"1881\">Servicios de catering<\/p>\n<\/li>\n<\/ul>\n<hr data-start=\"1883\" data-end=\"1886\" \/>\n<h3 data-start=\"1888\" data-end=\"1943\">\ud83d\ude80 <strong data-start=\"1895\" data-end=\"1943\">Calidad profesional que tus clientes notar\u00e1n<\/strong><\/h3>\n<p data-start=\"1945\" data-end=\"2094\">Este ba\u00f1o Mar\u00eda es sin\u00f3nimo de eficiencia, seguridad y presentaci\u00f3n impecable. <strong data-start=\"2024\" data-end=\"2094\">Mant\u00e9n tus preparaciones calientes, visibles y listas para servir.<\/strong><\/p>\n","protected":false},"excerpt":{"rendered":"<p>Ba\u00f1o Mar\u00eda el\u00e9ctrico con 4 azafates de 5.67 litros, cubierta de vidrio templado y control de temperatura. Potente, seguro y f\u00e1cil de limpiar.<\/p>\n","protected":false},"featured_media":17849,"comment_status":"open","ping_status":"closed","template":"","meta":[],"product_brand":[302],"product_cat":[304,292],"product_tag":[469,466,474,470,475,465,473,471,467],"class_list":{"0":"post-17846","1":"product","2":"type-product","3":"status-publish","4":"has-post-thumbnail","6":"product_brand-fuller-machinery","7":"product_cat-bano-maria","8":"product_cat-catering","9":"product_tag-bano-maria-110v-acero-inoxidable","10":"product_tag-bano-maria-con-vidrio-templado","11":"product_tag-bano-maria-electrico-4-azafates","12":"product_tag-bano-maria-para-restaurante","13":"product_tag-buffet-calentador-4-compartimentos","14":"product_tag-calentador-de-alimentos-profesional","15":"product_tag-calentador-de-comida-para-catering","16":"product_tag-conservador-de-alimentos-calientes","17":"product_tag-equipos-de-cocina-industrial","19":"first","20":"instock","21":"shipping-taxable","22":"purchasable","23":"product-type-simple"},"yoast_head":"<!-- This site is optimized with the Yoast SEO plugin v27.3 - https:\/\/yoast.com\/product\/yoast-seo-wordpress\/ -->\n<title>Ba\u00f1o Mar\u00eda El\u00e9ctrico | 4 Azafates | Cubierta de Vidrio Templado - Fuller Machinery<\/title>\n<meta name=\"robots\" content=\"index, follow, max-snippet:-1, max-image-preview:large, max-video-preview:-1\" \/>\n<link rel=\"canonical\" href=\"https:\/\/tienda.fullermachinery.com\/index.php\/producto\/bano-maria-electrico-4-azafates-cubierta-vidrio\/\" \/>\n<meta property=\"og:locale\" content=\"es_ES\" \/>\n<meta property=\"og:type\" content=\"article\" \/>\n<meta property=\"og:title\" content=\"Ba\u00f1o Mar\u00eda El\u00e9ctrico | 4 Azafates | Cubierta de Vidrio Templado - Fuller Machinery\" \/>\n<meta property=\"og:description\" content=\"Ba\u00f1o Mar\u00eda el\u00e9ctrico con 4 azafates de 5.67 litros, cubierta de vidrio templado y control de temperatura. Potente, seguro y f\u00e1cil de limpiar.\" \/>\n<meta property=\"og:url\" content=\"https:\/\/tienda.fullermachinery.com\/index.php\/producto\/bano-maria-electrico-4-azafates-cubierta-vidrio\/\" \/>\n<meta property=\"og:site_name\" content=\"Fuller Machinery\" \/>\n<meta property=\"article:modified_time\" content=\"2025-07-22T20:02:07+00:00\" \/>\n<meta property=\"og:image\" content=\"https:\/\/tienda.fullermachinery.com\/wp-content\/uploads\/2025\/02\/BANO-MARIA-ELECTRICO-CON-CUBIERTA-DE-VIDRIO-4-PUESTOS-3.png\" \/>\n\t<meta property=\"og:image:width\" content=\"2000\" \/>\n\t<meta property=\"og:image:height\" content=\"2000\" \/>\n\t<meta property=\"og:image:type\" content=\"image\/png\" \/>\n<meta name=\"twitter:card\" content=\"summary_large_image\" \/>\n<meta name=\"twitter:label1\" content=\"Tiempo de lectura\" \/>\n\t<meta name=\"twitter:data1\" content=\"2 minutos\" \/>\n<script type=\"application\/ld+json\" class=\"yoast-schema-graph\">{\"@context\":\"https:\\\/\\\/schema.org\",\"@graph\":[{\"@type\":\"WebPage\",\"@id\":\"https:\\\/\\\/tienda.fullermachinery.com\\\/index.php\\\/producto\\\/bano-maria-electrico-4-azafates-cubierta-vidrio\\\/\",\"url\":\"https:\\\/\\\/tienda.fullermachinery.com\\\/index.php\\\/producto\\\/bano-maria-electrico-4-azafates-cubierta-vidrio\\\/\",\"name\":\"Ba\u00f1o Mar\u00eda El\u00e9ctrico | 4 Azafates | Cubierta de Vidrio Templado - Fuller Machinery\",\"isPartOf\":{\"@id\":\"https:\\\/\\\/tienda.fullermachinery.com\\\/#website\"},\"primaryImageOfPage\":{\"@id\":\"https:\\\/\\\/tienda.fullermachinery.com\\\/index.php\\\/producto\\\/bano-maria-electrico-4-azafates-cubierta-vidrio\\\/#primaryimage\"},\"image\":{\"@id\":\"https:\\\/\\\/tienda.fullermachinery.com\\\/index.php\\\/producto\\\/bano-maria-electrico-4-azafates-cubierta-vidrio\\\/#primaryimage\"},\"thumbnailUrl\":\"https:\\\/\\\/tienda.fullermachinery.com\\\/wp-content\\\/uploads\\\/2025\\\/02\\\/BANO-MARIA-ELECTRICO-CON-CUBIERTA-DE-VIDRIO-4-PUESTOS-3.png\",\"datePublished\":\"2025-02-18T13:09:15+00:00\",\"dateModified\":\"2025-07-22T20:02:07+00:00\",\"breadcrumb\":{\"@id\":\"https:\\\/\\\/tienda.fullermachinery.com\\\/index.php\\\/producto\\\/bano-maria-electrico-4-azafates-cubierta-vidrio\\\/#breadcrumb\"},\"inLanguage\":\"es\",\"potentialAction\":[{\"@type\":\"ReadAction\",\"target\":[\"https:\\\/\\\/tienda.fullermachinery.com\\\/index.php\\\/producto\\\/bano-maria-electrico-4-azafates-cubierta-vidrio\\\/\"]}]},{\"@type\":\"ImageObject\",\"inLanguage\":\"es\",\"@id\":\"https:\\\/\\\/tienda.fullermachinery.com\\\/index.php\\\/producto\\\/bano-maria-electrico-4-azafates-cubierta-vidrio\\\/#primaryimage\",\"url\":\"https:\\\/\\\/tienda.fullermachinery.com\\\/wp-content\\\/uploads\\\/2025\\\/02\\\/BANO-MARIA-ELECTRICO-CON-CUBIERTA-DE-VIDRIO-4-PUESTOS-3.png\",\"contentUrl\":\"https:\\\/\\\/tienda.fullermachinery.com\\\/wp-content\\\/uploads\\\/2025\\\/02\\\/BANO-MARIA-ELECTRICO-CON-CUBIERTA-DE-VIDRIO-4-PUESTOS-3.png\",\"width\":2000,\"height\":2000,\"caption\":\"Este ba\u00f1o Mar\u00eda de alta capacidad conserva tus alimentos calientes y listos para servir, manteniendo su sabor y textura original.\"},{\"@type\":\"BreadcrumbList\",\"@id\":\"https:\\\/\\\/tienda.fullermachinery.com\\\/index.php\\\/producto\\\/bano-maria-electrico-4-azafates-cubierta-vidrio\\\/#breadcrumb\",\"itemListElement\":[{\"@type\":\"ListItem\",\"position\":1,\"name\":\"Portada\",\"item\":\"https:\\\/\\\/tienda.fullermachinery.com\\\/\"},{\"@type\":\"ListItem\",\"position\":2,\"name\":\"Productos\",\"item\":\"https:\\\/\\\/tienda.fullermachinery.com\\\/index.php\\\/shop\\\/\"},{\"@type\":\"ListItem\",\"position\":3,\"name\":\"Ba\u00f1o Mar\u00eda El\u00e9ctrico | 4 Azafates | Cubierta de Vidrio Templado\"}]},{\"@type\":\"WebSite\",\"@id\":\"https:\\\/\\\/tienda.fullermachinery.com\\\/#website\",\"url\":\"https:\\\/\\\/tienda.fullermachinery.com\\\/\",\"name\":\"Fuller Machinery\",\"description\":\"Importaci\u00f3n y comercializaci\u00f3n de m\u00e1quinas industriales para el sector de alimentos\",\"publisher\":{\"@id\":\"https:\\\/\\\/tienda.fullermachinery.com\\\/#organization\"},\"potentialAction\":[{\"@type\":\"SearchAction\",\"target\":{\"@type\":\"EntryPoint\",\"urlTemplate\":\"https:\\\/\\\/tienda.fullermachinery.com\\\/?s={search_term_string}\"},\"query-input\":{\"@type\":\"PropertyValueSpecification\",\"valueRequired\":true,\"valueName\":\"search_term_string\"}}],\"inLanguage\":\"es\"},{\"@type\":\"Organization\",\"@id\":\"https:\\\/\\\/tienda.fullermachinery.com\\\/#organization\",\"name\":\"Fuller Machinery\",\"url\":\"https:\\\/\\\/tienda.fullermachinery.com\\\/\",\"logo\":{\"@type\":\"ImageObject\",\"inLanguage\":\"es\",\"@id\":\"https:\\\/\\\/tienda.fullermachinery.com\\\/#\\\/schema\\\/logo\\\/image\\\/\",\"url\":\"https:\\\/\\\/tienda.fullermachinery.com\\\/wp-content\\\/uploads\\\/2023\\\/08\\\/logo-fuller-transparente.png\",\"contentUrl\":\"https:\\\/\\\/tienda.fullermachinery.com\\\/wp-content\\\/uploads\\\/2023\\\/08\\\/logo-fuller-transparente.png\",\"width\":2208,\"height\":644,\"caption\":\"Fuller Machinery\"},\"image\":{\"@id\":\"https:\\\/\\\/tienda.fullermachinery.com\\\/#\\\/schema\\\/logo\\\/image\\\/\"}}]}<\/script>\n<!-- \/ Yoast SEO plugin. -->","yoast_head_json":{"title":"Ba\u00f1o Mar\u00eda El\u00e9ctrico | 4 Azafates | Cubierta de Vidrio Templado - Fuller Machinery","robots":{"index":"index","follow":"follow","max-snippet":"max-snippet:-1","max-image-preview":"max-image-preview:large","max-video-preview":"max-video-preview:-1"},"canonical":"https:\/\/tienda.fullermachinery.com\/index.php\/producto\/bano-maria-electrico-4-azafates-cubierta-vidrio\/","og_locale":"es_ES","og_type":"article","og_title":"Ba\u00f1o Mar\u00eda El\u00e9ctrico | 4 Azafates | Cubierta de Vidrio Templado - Fuller Machinery","og_description":"Ba\u00f1o Mar\u00eda el\u00e9ctrico con 4 azafates de 5.67 litros, cubierta de vidrio templado y control de temperatura. Potente, seguro y f\u00e1cil de limpiar.","og_url":"https:\/\/tienda.fullermachinery.com\/index.php\/producto\/bano-maria-electrico-4-azafates-cubierta-vidrio\/","og_site_name":"Fuller Machinery","article_modified_time":"2025-07-22T20:02:07+00:00","og_image":[{"width":2000,"height":2000,"url":"https:\/\/tienda.fullermachinery.com\/wp-content\/uploads\/2025\/02\/BANO-MARIA-ELECTRICO-CON-CUBIERTA-DE-VIDRIO-4-PUESTOS-3.png","type":"image\/png"}],"twitter_card":"summary_large_image","twitter_misc":{"Tiempo de lectura":"2 minutos"},"schema":{"@context":"https:\/\/schema.org","@graph":[{"@type":"WebPage","@id":"https:\/\/tienda.fullermachinery.com\/index.php\/producto\/bano-maria-electrico-4-azafates-cubierta-vidrio\/","url":"https:\/\/tienda.fullermachinery.com\/index.php\/producto\/bano-maria-electrico-4-azafates-cubierta-vidrio\/","name":"Ba\u00f1o Mar\u00eda El\u00e9ctrico | 4 Azafates | Cubierta de Vidrio Templado - Fuller Machinery","isPartOf":{"@id":"https:\/\/tienda.fullermachinery.com\/#website"},"primaryImageOfPage":{"@id":"https:\/\/tienda.fullermachinery.com\/index.php\/producto\/bano-maria-electrico-4-azafates-cubierta-vidrio\/#primaryimage"},"image":{"@id":"https:\/\/tienda.fullermachinery.com\/index.php\/producto\/bano-maria-electrico-4-azafates-cubierta-vidrio\/#primaryimage"},"thumbnailUrl":"https:\/\/tienda.fullermachinery.com\/wp-content\/uploads\/2025\/02\/BANO-MARIA-ELECTRICO-CON-CUBIERTA-DE-VIDRIO-4-PUESTOS-3.png","datePublished":"2025-02-18T13:09:15+00:00","dateModified":"2025-07-22T20:02:07+00:00","breadcrumb":{"@id":"https:\/\/tienda.fullermachinery.com\/index.php\/producto\/bano-maria-electrico-4-azafates-cubierta-vidrio\/#breadcrumb"},"inLanguage":"es","potentialAction":[{"@type":"ReadAction","target":["https:\/\/tienda.fullermachinery.com\/index.php\/producto\/bano-maria-electrico-4-azafates-cubierta-vidrio\/"]}]},{"@type":"ImageObject","inLanguage":"es","@id":"https:\/\/tienda.fullermachinery.com\/index.php\/producto\/bano-maria-electrico-4-azafates-cubierta-vidrio\/#primaryimage","url":"https:\/\/tienda.fullermachinery.com\/wp-content\/uploads\/2025\/02\/BANO-MARIA-ELECTRICO-CON-CUBIERTA-DE-VIDRIO-4-PUESTOS-3.png","contentUrl":"https:\/\/tienda.fullermachinery.com\/wp-content\/uploads\/2025\/02\/BANO-MARIA-ELECTRICO-CON-CUBIERTA-DE-VIDRIO-4-PUESTOS-3.png","width":2000,"height":2000,"caption":"Este ba\u00f1o Mar\u00eda de alta capacidad conserva tus alimentos calientes y listos para servir, manteniendo su sabor y textura original."},{"@type":"BreadcrumbList","@id":"https:\/\/tienda.fullermachinery.com\/index.php\/producto\/bano-maria-electrico-4-azafates-cubierta-vidrio\/#breadcrumb","itemListElement":[{"@type":"ListItem","position":1,"name":"Portada","item":"https:\/\/tienda.fullermachinery.com\/"},{"@type":"ListItem","position":2,"name":"Productos","item":"https:\/\/tienda.fullermachinery.com\/index.php\/shop\/"},{"@type":"ListItem","position":3,"name":"Ba\u00f1o Mar\u00eda El\u00e9ctrico | 4 Azafates | Cubierta de Vidrio Templado"}]},{"@type":"WebSite","@id":"https:\/\/tienda.fullermachinery.com\/#website","url":"https:\/\/tienda.fullermachinery.com\/","name":"Fuller Machinery","description":"Importaci\u00f3n y comercializaci\u00f3n de m\u00e1quinas industriales para el sector de alimentos","publisher":{"@id":"https:\/\/tienda.fullermachinery.com\/#organization"},"potentialAction":[{"@type":"SearchAction","target":{"@type":"EntryPoint","urlTemplate":"https:\/\/tienda.fullermachinery.com\/?s={search_term_string}"},"query-input":{"@type":"PropertyValueSpecification","valueRequired":true,"valueName":"search_term_string"}}],"inLanguage":"es"},{"@type":"Organization","@id":"https:\/\/tienda.fullermachinery.com\/#organization","name":"Fuller Machinery","url":"https:\/\/tienda.fullermachinery.com\/","logo":{"@type":"ImageObject","inLanguage":"es","@id":"https:\/\/tienda.fullermachinery.com\/#\/schema\/logo\/image\/","url":"https:\/\/tienda.fullermachinery.com\/wp-content\/uploads\/2023\/08\/logo-fuller-transparente.png","contentUrl":"https:\/\/tienda.fullermachinery.com\/wp-content\/uploads\/2023\/08\/logo-fuller-transparente.png","width":2208,"height":644,"caption":"Fuller Machinery"},"image":{"@id":"https:\/\/tienda.fullermachinery.com\/#\/schema\/logo\/image\/"}}]}},"jetpack_sharing_enabled":true,"_links":{"self":[{"href":"https:\/\/tienda.fullermachinery.com\/index.php\/wp-json\/wp\/v2\/product\/17846","targetHints":{"allow":["GET"]}}],"collection":[{"href":"https:\/\/tienda.fullermachinery.com\/index.php\/wp-json\/wp\/v2\/product"}],"about":[{"href":"https:\/\/tienda.fullermachinery.com\/index.php\/wp-json\/wp\/v2\/types\/product"}],"replies":[{"embeddable":true,"href":"https:\/\/tienda.fullermachinery.com\/index.php\/wp-json\/wp\/v2\/comments?post=17846"}],"version-history":[{"count":3,"href":"https:\/\/tienda.fullermachinery.com\/index.php\/wp-json\/wp\/v2\/product\/17846\/revisions"}],"predecessor-version":[{"id":18074,"href":"https:\/\/tienda.fullermachinery.com\/index.php\/wp-json\/wp\/v2\/product\/17846\/revisions\/18074"}],"wp:featuredmedia":[{"embeddable":true,"href":"https:\/\/tienda.fullermachinery.com\/index.php\/wp-json\/wp\/v2\/media\/17849"}],"wp:attachment":[{"href":"https:\/\/tienda.fullermachinery.com\/index.php\/wp-json\/wp\/v2\/media?parent=17846"}],"wp:term":[{"taxonomy":"product_brand","embeddable":true,"href":"https:\/\/tienda.fullermachinery.com\/index.php\/wp-json\/wp\/v2\/product_brand?post=17846"},{"taxonomy":"product_cat","embeddable":true,"href":"https:\/\/tienda.fullermachinery.com\/index.php\/wp-json\/wp\/v2\/product_cat?post=17846"},{"taxonomy":"product_tag","embeddable":true,"href":"https:\/\/tienda.fullermachinery.com\/index.php\/wp-json\/wp\/v2\/product_tag?post=17846"}],"curies":[{"name":"wp","href":"https:\/\/api.w.org\/{rel}","templated":true}]}}