{"id":17048,"date":"2024-07-18T20:28:50","date_gmt":"2024-07-19T01:28:50","guid":{"rendered":"https:\/\/tienda.fullermachinery.com\/?post_type=product&#038;p=17048"},"modified":"2025-07-10T12:40:55","modified_gmt":"2025-07-10T17:40:55","slug":"tallimetro-pared-adultos-medidor-estatura","status":"publish","type":"product","link":"https:\/\/tienda.fullermachinery.com\/index.php\/producto\/tallimetro-pared-adultos-medidor-estatura\/","title":{"rendered":"Tall\u00edmetro de Pared | Medidor de Estatura | Adultos"},"content":{"rendered":"\t\t<div data-elementor-type=\"wp-post\" data-elementor-id=\"17048\" class=\"elementor elementor-17048\">\n\t\t\t\t\t\t<section class=\"elementor-section elementor-top-section elementor-element elementor-element-b925ecd elementor-section-boxed elementor-section-height-default elementor-section-height-default wd-section-disabled\" data-id=\"b925ecd\" data-element_type=\"section\" data-e-type=\"section\">\n\t\t\t\t\t\t<div class=\"elementor-container elementor-column-gap-default\">\n\t\t\t\t\t<div class=\"elementor-column elementor-col-100 elementor-top-column elementor-element elementor-element-c3602bd\" data-id=\"c3602bd\" data-element_type=\"column\" data-e-type=\"column\">\n\t\t\t<div class=\"elementor-widget-wrap elementor-element-populated\">\n\t\t\t\t\t\t<div class=\"elementor-element elementor-element-177d221 elementor-widget elementor-widget-wd_text_block\" data-id=\"177d221\" data-element_type=\"widget\" data-e-type=\"widget\" data-widget_type=\"wd_text_block.default\">\n\t\t\t\t<div class=\"elementor-widget-container\">\n\t\t\t\t\t\t\t<div class=\"wd-text-block reset-last-child text-left\">\n\t\t\t\n\t\t\t<p data-start=\"618\" data-end=\"698\"><strong data-start=\"618\" data-end=\"698\">\ud83d\udccf Tall\u00edmetro de Pared para Adultos \u2014 Precisi\u00f3n y Comodidad en Cada Medici\u00f3n<\/strong><\/p><p data-start=\"700\" data-end=\"988\">\u00a1Monitorea tu estatura de forma precisa y sin complicaciones! Nuestro <strong data-start=\"770\" data-end=\"806\">Tall\u00edmetro de Pared para Adultos<\/strong> es la herramienta esencial para hogares, consultorios m\u00e9dicos, gimnasios y cualquier espacio donde se requiera control y seguimiento de la altura de forma r\u00e1pida, c\u00f3moda y segura.<\/p><h3 data-start=\"990\" data-end=\"1026\">\u2705 <strong data-start=\"996\" data-end=\"1026\">Caracter\u00edsticas Destacadas<\/strong><\/h3><ul data-start=\"1028\" data-end=\"1491\"><li data-start=\"1028\" data-end=\"1119\"><p data-start=\"1030\" data-end=\"1119\"><strong data-start=\"1030\" data-end=\"1047\">Amplio Rango:<\/strong> Mide estaturas de hasta 220 cm, ideal para adultos de todas las tallas.<\/p><\/li><li data-start=\"1120\" data-end=\"1219\"><p data-start=\"1122\" data-end=\"1219\"><strong data-start=\"1122\" data-end=\"1145\">Instalaci\u00f3n Segura:<\/strong> Montaje firme en pared con base para piso que asegura m\u00e1xima estabilidad.<\/p><\/li><li data-start=\"1220\" data-end=\"1310\"><p data-start=\"1222\" data-end=\"1310\"><strong data-start=\"1222\" data-end=\"1240\">Lectura Clara:<\/strong> Marcadores impresos de f\u00e1cil lectura para un seguimiento sin errores.<\/p><\/li><li data-start=\"1311\" data-end=\"1393\"><p data-start=\"1313\" data-end=\"1393\"><strong data-start=\"1313\" data-end=\"1337\">Material Resistente:<\/strong> Fabricado con materiales duraderos para uso prolongado.<\/p><\/li><li data-start=\"1394\" data-end=\"1491\"><p data-start=\"1396\" data-end=\"1491\"><strong data-start=\"1396\" data-end=\"1416\">Dise\u00f1o Vers\u00e1til:<\/strong> Adaptable a hogares, cl\u00ednicas, gimnasios, escuelas y centros de bienestar.<\/p><\/li><\/ul><hr data-start=\"1493\" data-end=\"1496\" \/><h2 data-start=\"1498\" data-end=\"1518\">\ud83c\udfaf <strong data-start=\"1504\" data-end=\"1518\">Beneficios<\/strong><\/h2><p data-start=\"1520\" data-end=\"1870\">\u2714 <strong data-start=\"1522\" data-end=\"1546\">Seguimiento Preciso:<\/strong> Controla cambios de estatura o posturales a lo largo del tiempo.<br data-start=\"1611\" data-end=\"1614\" \/>\u2714 <strong data-start=\"1616\" data-end=\"1634\">F\u00e1cil de Usar:<\/strong> Instalaci\u00f3n sencilla y uso pr\u00e1ctico en cualquier ambiente.<br data-start=\"1693\" data-end=\"1696\" \/>\u2714 <strong data-start=\"1698\" data-end=\"1720\">Ahorro de Espacio:<\/strong> Dise\u00f1o compacto que no interfiere con otros equipos o mobiliario.<br data-start=\"1786\" data-end=\"1789\" \/>\u2714 <strong data-start=\"1791\" data-end=\"1808\">Alta Higiene:<\/strong> Material de f\u00e1cil limpieza para mantenerlo siempre impecable.<\/p><hr data-start=\"1872\" data-end=\"1875\" \/><h2 data-start=\"1877\" data-end=\"1918\">\ud83c\udfe5 <strong data-start=\"1883\" data-end=\"1918\">\u00bfD\u00f3nde es \u00fatil este tall\u00edmetro?<\/strong><\/h2><ul data-start=\"1920\" data-end=\"2446\"><li data-start=\"1920\" data-end=\"2036\"><p data-start=\"1922\" data-end=\"2036\"><strong data-start=\"1922\" data-end=\"1943\">Salud y Medicina:<\/strong> Consultorios, cl\u00ednicas, hospitales, geriatr\u00eda y nutrici\u00f3n para evaluar estado general o IMC.<\/p><\/li><li data-start=\"2037\" data-end=\"2135\"><p data-start=\"2039\" data-end=\"2135\"><strong data-start=\"2039\" data-end=\"2061\">Deporte y Fitness:<\/strong> Gimnasios, centros deportivos y alto rendimiento para monitorear atletas.<\/p><\/li><li data-start=\"2136\" data-end=\"2208\"><p data-start=\"2138\" data-end=\"2208\"><strong data-start=\"2138\" data-end=\"2158\">Moda y Modelaje:<\/strong> Selecci\u00f3n de modelos y tallas precisas para ropa.<\/p><\/li><li data-start=\"2209\" data-end=\"2297\"><p data-start=\"2211\" data-end=\"2297\"><strong data-start=\"2211\" data-end=\"2235\">Seguridad y Defensa:<\/strong> Registro de estatura en fuerzas armadas y cuerpos policiales.<\/p><\/li><li data-start=\"2298\" data-end=\"2370\"><p data-start=\"2300\" data-end=\"2370\"><strong data-start=\"2300\" data-end=\"2325\">Bienestar y Est\u00e9tica:<\/strong> Spas m\u00e9dicos y centros de evaluaci\u00f3n f\u00edsica.<\/p><\/li><li data-start=\"2371\" data-end=\"2446\"><p data-start=\"2373\" data-end=\"2446\"><strong data-start=\"2373\" data-end=\"2387\">Educaci\u00f3n:<\/strong> Escuelas y universidades para seguimiento del crecimiento.<\/p><\/li><\/ul><hr data-start=\"2448\" data-end=\"2451\" \/><h2 data-start=\"2453\" data-end=\"2470\">\ud83d\udce6 <strong data-start=\"2459\" data-end=\"2470\">Incluye<\/strong><\/h2><ul data-start=\"2472\" data-end=\"2574\"><li data-start=\"2472\" data-end=\"2516\"><p data-start=\"2474\" data-end=\"2516\">1 Tall\u00edmetro de pared con base para piso<\/p><\/li><li data-start=\"2517\" data-end=\"2544\"><p data-start=\"2519\" data-end=\"2544\">Kit de montaje completo<\/p><\/li><li data-start=\"2545\" data-end=\"2574\"><p data-start=\"2547\" data-end=\"2574\">Manual de instalaci\u00f3n y uso<\/p><\/li><\/ul>\n\t\t\t\t\t<\/div>\n\t\t\t\t\t\t<\/div>\n\t\t\t\t<\/div>\n\t\t\t\t\t<\/div>\n\t\t<\/div>\n\t\t\t\t\t<\/div>\n\t\t<\/section>\n\t\t\t\t<\/div>\n\t\t","protected":false},"excerpt":{"rendered":"<p>Tall\u00edmetro de pared para adultos. Mide hasta 220 cm con base de piso para mayor estabilidad. Lectura clara y montaje sencillo. Ideal para cl\u00ednicas, gimnasios y uso dom\u00e9stico.<\/p>\n","protected":false},"featured_media":17049,"comment_status":"open","ping_status":"closed","template":"","meta":[],"product_brand":[],"product_cat":[189,256],"product_tag":[],"class_list":{"0":"post-17048","1":"product","2":"type-product","3":"status-publish","4":"has-post-thumbnail","6":"product_cat-linea-de-pesaje","7":"product_cat-medidores-tallimetros","9":"first","10":"instock","11":"featured","12":"shipping-taxable","13":"purchasable","14":"product-type-simple"},"yoast_head":"<!-- This site is optimized with the Yoast SEO plugin v27.3 - https:\/\/yoast.com\/product\/yoast-seo-wordpress\/ -->\n<title>Tall\u00edmetro de Pared | Medidor de Estatura | Adultos - Fuller Machinery<\/title>\n<meta name=\"description\" content=\"Compra tu tall\u00edmetro de pared para adultos. Medici\u00f3n precisa hasta 220 cm. Con base de piso, f\u00e1cil instalaci\u00f3n y lectura clara. Ideal para hogar, cl\u00ednica y gimnasio.\" \/>\n<meta name=\"robots\" content=\"index, follow, max-snippet:-1, max-image-preview:large, max-video-preview:-1\" \/>\n<link rel=\"canonical\" href=\"https:\/\/tienda.fullermachinery.com\/index.php\/producto\/tallimetro-pared-adultos-medidor-estatura\/\" \/>\n<meta property=\"og:locale\" content=\"es_ES\" \/>\n<meta property=\"og:type\" content=\"article\" \/>\n<meta property=\"og:title\" content=\"Tall\u00edmetro de Pared | Medidor de Estatura | Adultos - Fuller Machinery\" \/>\n<meta property=\"og:description\" content=\"Compra tu tall\u00edmetro de pared para adultos. Medici\u00f3n precisa hasta 220 cm. Con base de piso, f\u00e1cil instalaci\u00f3n y lectura clara. Ideal para hogar, cl\u00ednica y gimnasio.\" \/>\n<meta property=\"og:url\" content=\"https:\/\/tienda.fullermachinery.com\/index.php\/producto\/tallimetro-pared-adultos-medidor-estatura\/\" \/>\n<meta property=\"og:site_name\" content=\"Fuller Machinery\" \/>\n<meta property=\"article:modified_time\" content=\"2025-07-10T17:40:55+00:00\" \/>\n<meta property=\"og:image\" content=\"https:\/\/tienda.fullermachinery.com\/wp-content\/uploads\/2024\/07\/TALLIMETRO-5-1.png\" \/>\n\t<meta property=\"og:image:width\" content=\"2000\" \/>\n\t<meta property=\"og:image:height\" content=\"2000\" \/>\n\t<meta property=\"og:image:type\" content=\"image\/png\" \/>\n<meta name=\"twitter:card\" content=\"summary_large_image\" \/>\n<meta name=\"twitter:label1\" content=\"Tiempo de lectura\" \/>\n\t<meta name=\"twitter:data1\" content=\"2 minutos\" \/>\n<script type=\"application\/ld+json\" class=\"yoast-schema-graph\">{\"@context\":\"https:\\\/\\\/schema.org\",\"@graph\":[{\"@type\":\"WebPage\",\"@id\":\"https:\\\/\\\/tienda.fullermachinery.com\\\/index.php\\\/producto\\\/tallimetro-pared-adultos-medidor-estatura\\\/\",\"url\":\"https:\\\/\\\/tienda.fullermachinery.com\\\/index.php\\\/producto\\\/tallimetro-pared-adultos-medidor-estatura\\\/\",\"name\":\"Tall\u00edmetro de Pared | Medidor de Estatura | Adultos - Fuller Machinery\",\"isPartOf\":{\"@id\":\"https:\\\/\\\/tienda.fullermachinery.com\\\/#website\"},\"primaryImageOfPage\":{\"@id\":\"https:\\\/\\\/tienda.fullermachinery.com\\\/index.php\\\/producto\\\/tallimetro-pared-adultos-medidor-estatura\\\/#primaryimage\"},\"image\":{\"@id\":\"https:\\\/\\\/tienda.fullermachinery.com\\\/index.php\\\/producto\\\/tallimetro-pared-adultos-medidor-estatura\\\/#primaryimage\"},\"thumbnailUrl\":\"https:\\\/\\\/tienda.fullermachinery.com\\\/wp-content\\\/uploads\\\/2024\\\/07\\\/TALLIMETRO-5-1.png\",\"datePublished\":\"2024-07-19T01:28:50+00:00\",\"dateModified\":\"2025-07-10T17:40:55+00:00\",\"description\":\"Compra tu tall\u00edmetro de pared para adultos. Medici\u00f3n precisa hasta 220 cm. Con base de piso, f\u00e1cil instalaci\u00f3n y lectura clara. Ideal para hogar, cl\u00ednica y gimnasio.\",\"breadcrumb\":{\"@id\":\"https:\\\/\\\/tienda.fullermachinery.com\\\/index.php\\\/producto\\\/tallimetro-pared-adultos-medidor-estatura\\\/#breadcrumb\"},\"inLanguage\":\"es\",\"potentialAction\":[{\"@type\":\"ReadAction\",\"target\":[\"https:\\\/\\\/tienda.fullermachinery.com\\\/index.php\\\/producto\\\/tallimetro-pared-adultos-medidor-estatura\\\/\"]}]},{\"@type\":\"ImageObject\",\"inLanguage\":\"es\",\"@id\":\"https:\\\/\\\/tienda.fullermachinery.com\\\/index.php\\\/producto\\\/tallimetro-pared-adultos-medidor-estatura\\\/#primaryimage\",\"url\":\"https:\\\/\\\/tienda.fullermachinery.com\\\/wp-content\\\/uploads\\\/2024\\\/07\\\/TALLIMETRO-5-1.png\",\"contentUrl\":\"https:\\\/\\\/tienda.fullermachinery.com\\\/wp-content\\\/uploads\\\/2024\\\/07\\\/TALLIMETRO-5-1.png\",\"width\":2000,\"height\":2000,\"caption\":\"!Presentamos nuestro tall\u00edmetro de pared, la herramienta perfecta para obtener mediciones precisas de estatura en adultos de manera r\u00e1pida y conveniente! Dise\u00f1ado para su uso en hogares, consultorios m\u00e9dicos y gimnasios, este tall\u00edmetro es una adici\u00f3n esencial para aquellos que buscan monitorear su altura con precisi\u00f3n.\"},{\"@type\":\"BreadcrumbList\",\"@id\":\"https:\\\/\\\/tienda.fullermachinery.com\\\/index.php\\\/producto\\\/tallimetro-pared-adultos-medidor-estatura\\\/#breadcrumb\",\"itemListElement\":[{\"@type\":\"ListItem\",\"position\":1,\"name\":\"Portada\",\"item\":\"https:\\\/\\\/tienda.fullermachinery.com\\\/\"},{\"@type\":\"ListItem\",\"position\":2,\"name\":\"Productos\",\"item\":\"https:\\\/\\\/tienda.fullermachinery.com\\\/index.php\\\/shop\\\/\"},{\"@type\":\"ListItem\",\"position\":3,\"name\":\"Tall\u00edmetro de Pared | Medidor de Estatura | Adultos\"}]},{\"@type\":\"WebSite\",\"@id\":\"https:\\\/\\\/tienda.fullermachinery.com\\\/#website\",\"url\":\"https:\\\/\\\/tienda.fullermachinery.com\\\/\",\"name\":\"Fuller Machinery\",\"description\":\"Importaci\u00f3n y comercializaci\u00f3n de m\u00e1quinas industriales para el sector de alimentos\",\"publisher\":{\"@id\":\"https:\\\/\\\/tienda.fullermachinery.com\\\/#organization\"},\"potentialAction\":[{\"@type\":\"SearchAction\",\"target\":{\"@type\":\"EntryPoint\",\"urlTemplate\":\"https:\\\/\\\/tienda.fullermachinery.com\\\/?s={search_term_string}\"},\"query-input\":{\"@type\":\"PropertyValueSpecification\",\"valueRequired\":true,\"valueName\":\"search_term_string\"}}],\"inLanguage\":\"es\"},{\"@type\":\"Organization\",\"@id\":\"https:\\\/\\\/tienda.fullermachinery.com\\\/#organization\",\"name\":\"Fuller Machinery\",\"url\":\"https:\\\/\\\/tienda.fullermachinery.com\\\/\",\"logo\":{\"@type\":\"ImageObject\",\"inLanguage\":\"es\",\"@id\":\"https:\\\/\\\/tienda.fullermachinery.com\\\/#\\\/schema\\\/logo\\\/image\\\/\",\"url\":\"https:\\\/\\\/tienda.fullermachinery.com\\\/wp-content\\\/uploads\\\/2023\\\/08\\\/logo-fuller-transparente.png\",\"contentUrl\":\"https:\\\/\\\/tienda.fullermachinery.com\\\/wp-content\\\/uploads\\\/2023\\\/08\\\/logo-fuller-transparente.png\",\"width\":2208,\"height\":644,\"caption\":\"Fuller Machinery\"},\"image\":{\"@id\":\"https:\\\/\\\/tienda.fullermachinery.com\\\/#\\\/schema\\\/logo\\\/image\\\/\"}}]}<\/script>\n<!-- \/ Yoast SEO plugin. -->","yoast_head_json":{"title":"Tall\u00edmetro de Pared | Medidor de Estatura | Adultos - Fuller Machinery","description":"Compra tu tall\u00edmetro de pared para adultos. Medici\u00f3n precisa hasta 220 cm. Con base de piso, f\u00e1cil instalaci\u00f3n y lectura clara. Ideal para hogar, cl\u00ednica y gimnasio.","robots":{"index":"index","follow":"follow","max-snippet":"max-snippet:-1","max-image-preview":"max-image-preview:large","max-video-preview":"max-video-preview:-1"},"canonical":"https:\/\/tienda.fullermachinery.com\/index.php\/producto\/tallimetro-pared-adultos-medidor-estatura\/","og_locale":"es_ES","og_type":"article","og_title":"Tall\u00edmetro de Pared | Medidor de Estatura | Adultos - Fuller Machinery","og_description":"Compra tu tall\u00edmetro de pared para adultos. Medici\u00f3n precisa hasta 220 cm. Con base de piso, f\u00e1cil instalaci\u00f3n y lectura clara. Ideal para hogar, cl\u00ednica y gimnasio.","og_url":"https:\/\/tienda.fullermachinery.com\/index.php\/producto\/tallimetro-pared-adultos-medidor-estatura\/","og_site_name":"Fuller Machinery","article_modified_time":"2025-07-10T17:40:55+00:00","og_image":[{"width":2000,"height":2000,"url":"https:\/\/tienda.fullermachinery.com\/wp-content\/uploads\/2024\/07\/TALLIMETRO-5-1.png","type":"image\/png"}],"twitter_card":"summary_large_image","twitter_misc":{"Tiempo de lectura":"2 minutos"},"schema":{"@context":"https:\/\/schema.org","@graph":[{"@type":"WebPage","@id":"https:\/\/tienda.fullermachinery.com\/index.php\/producto\/tallimetro-pared-adultos-medidor-estatura\/","url":"https:\/\/tienda.fullermachinery.com\/index.php\/producto\/tallimetro-pared-adultos-medidor-estatura\/","name":"Tall\u00edmetro de Pared | Medidor de Estatura | Adultos - Fuller Machinery","isPartOf":{"@id":"https:\/\/tienda.fullermachinery.com\/#website"},"primaryImageOfPage":{"@id":"https:\/\/tienda.fullermachinery.com\/index.php\/producto\/tallimetro-pared-adultos-medidor-estatura\/#primaryimage"},"image":{"@id":"https:\/\/tienda.fullermachinery.com\/index.php\/producto\/tallimetro-pared-adultos-medidor-estatura\/#primaryimage"},"thumbnailUrl":"https:\/\/tienda.fullermachinery.com\/wp-content\/uploads\/2024\/07\/TALLIMETRO-5-1.png","datePublished":"2024-07-19T01:28:50+00:00","dateModified":"2025-07-10T17:40:55+00:00","description":"Compra tu tall\u00edmetro de pared para adultos. Medici\u00f3n precisa hasta 220 cm. Con base de piso, f\u00e1cil instalaci\u00f3n y lectura clara. Ideal para hogar, cl\u00ednica y gimnasio.","breadcrumb":{"@id":"https:\/\/tienda.fullermachinery.com\/index.php\/producto\/tallimetro-pared-adultos-medidor-estatura\/#breadcrumb"},"inLanguage":"es","potentialAction":[{"@type":"ReadAction","target":["https:\/\/tienda.fullermachinery.com\/index.php\/producto\/tallimetro-pared-adultos-medidor-estatura\/"]}]},{"@type":"ImageObject","inLanguage":"es","@id":"https:\/\/tienda.fullermachinery.com\/index.php\/producto\/tallimetro-pared-adultos-medidor-estatura\/#primaryimage","url":"https:\/\/tienda.fullermachinery.com\/wp-content\/uploads\/2024\/07\/TALLIMETRO-5-1.png","contentUrl":"https:\/\/tienda.fullermachinery.com\/wp-content\/uploads\/2024\/07\/TALLIMETRO-5-1.png","width":2000,"height":2000,"caption":"!Presentamos nuestro tall\u00edmetro de pared, la herramienta perfecta para obtener mediciones precisas de estatura en adultos de manera r\u00e1pida y conveniente! Dise\u00f1ado para su uso en hogares, consultorios m\u00e9dicos y gimnasios, este tall\u00edmetro es una adici\u00f3n esencial para aquellos que buscan monitorear su altura con precisi\u00f3n."},{"@type":"BreadcrumbList","@id":"https:\/\/tienda.fullermachinery.com\/index.php\/producto\/tallimetro-pared-adultos-medidor-estatura\/#breadcrumb","itemListElement":[{"@type":"ListItem","position":1,"name":"Portada","item":"https:\/\/tienda.fullermachinery.com\/"},{"@type":"ListItem","position":2,"name":"Productos","item":"https:\/\/tienda.fullermachinery.com\/index.php\/shop\/"},{"@type":"ListItem","position":3,"name":"Tall\u00edmetro de Pared | Medidor de Estatura | Adultos"}]},{"@type":"WebSite","@id":"https:\/\/tienda.fullermachinery.com\/#website","url":"https:\/\/tienda.fullermachinery.com\/","name":"Fuller Machinery","description":"Importaci\u00f3n y comercializaci\u00f3n de m\u00e1quinas industriales para el sector de alimentos","publisher":{"@id":"https:\/\/tienda.fullermachinery.com\/#organization"},"potentialAction":[{"@type":"SearchAction","target":{"@type":"EntryPoint","urlTemplate":"https:\/\/tienda.fullermachinery.com\/?s={search_term_string}"},"query-input":{"@type":"PropertyValueSpecification","valueRequired":true,"valueName":"search_term_string"}}],"inLanguage":"es"},{"@type":"Organization","@id":"https:\/\/tienda.fullermachinery.com\/#organization","name":"Fuller Machinery","url":"https:\/\/tienda.fullermachinery.com\/","logo":{"@type":"ImageObject","inLanguage":"es","@id":"https:\/\/tienda.fullermachinery.com\/#\/schema\/logo\/image\/","url":"https:\/\/tienda.fullermachinery.com\/wp-content\/uploads\/2023\/08\/logo-fuller-transparente.png","contentUrl":"https:\/\/tienda.fullermachinery.com\/wp-content\/uploads\/2023\/08\/logo-fuller-transparente.png","width":2208,"height":644,"caption":"Fuller Machinery"},"image":{"@id":"https:\/\/tienda.fullermachinery.com\/#\/schema\/logo\/image\/"}}]}},"jetpack_sharing_enabled":true,"_links":{"self":[{"href":"https:\/\/tienda.fullermachinery.com\/index.php\/wp-json\/wp\/v2\/product\/17048","targetHints":{"allow":["GET"]}}],"collection":[{"href":"https:\/\/tienda.fullermachinery.com\/index.php\/wp-json\/wp\/v2\/product"}],"about":[{"href":"https:\/\/tienda.fullermachinery.com\/index.php\/wp-json\/wp\/v2\/types\/product"}],"replies":[{"embeddable":true,"href":"https:\/\/tienda.fullermachinery.com\/index.php\/wp-json\/wp\/v2\/comments?post=17048"}],"version-history":[{"count":8,"href":"https:\/\/tienda.fullermachinery.com\/index.php\/wp-json\/wp\/v2\/product\/17048\/revisions"}],"predecessor-version":[{"id":18597,"href":"https:\/\/tienda.fullermachinery.com\/index.php\/wp-json\/wp\/v2\/product\/17048\/revisions\/18597"}],"wp:featuredmedia":[{"embeddable":true,"href":"https:\/\/tienda.fullermachinery.com\/index.php\/wp-json\/wp\/v2\/media\/17049"}],"wp:attachment":[{"href":"https:\/\/tienda.fullermachinery.com\/index.php\/wp-json\/wp\/v2\/media?parent=17048"}],"wp:term":[{"taxonomy":"product_brand","embeddable":true,"href":"https:\/\/tienda.fullermachinery.com\/index.php\/wp-json\/wp\/v2\/product_brand?post=17048"},{"taxonomy":"product_cat","embeddable":true,"href":"https:\/\/tienda.fullermachinery.com\/index.php\/wp-json\/wp\/v2\/product_cat?post=17048"},{"taxonomy":"product_tag","embeddable":true,"href":"https:\/\/tienda.fullermachinery.com\/index.php\/wp-json\/wp\/v2\/product_tag?post=17048"}],"curies":[{"name":"wp","href":"https:\/\/api.w.org\/{rel}","templated":true}]}}