{"id":16803,"date":"2024-07-17T21:00:45","date_gmt":"2024-07-18T02:00:45","guid":{"rendered":"https:\/\/tienda.fullermachinery.com\/?post_type=product&#038;p=16803"},"modified":"2025-07-10T08:47:43","modified_gmt":"2025-07-10T13:47:43","slug":"clipadora-amarradora-de-embutidos","status":"publish","type":"product","link":"https:\/\/tienda.fullermachinery.com\/index.php\/producto\/clipadora-amarradora-de-embutidos\/","title":{"rendered":"Clipadora Manual para Embutidos | Fuller Machinery | Acero Inoxidable | Capacidad 50 Clipados por Minuto"},"content":{"rendered":"\t\t<div data-elementor-type=\"wp-post\" data-elementor-id=\"16803\" class=\"elementor elementor-16803\">\n\t\t\t\t\t\t<section class=\"elementor-section elementor-top-section elementor-element elementor-element-3e67df3 elementor-section-boxed elementor-section-height-default elementor-section-height-default wd-section-disabled\" data-id=\"3e67df3\" data-element_type=\"section\" data-e-type=\"section\">\n\t\t\t\t\t\t<div class=\"elementor-container elementor-column-gap-default\">\n\t\t\t\t\t<div class=\"elementor-column elementor-col-100 elementor-top-column elementor-element elementor-element-7e7e097\" data-id=\"7e7e097\" data-element_type=\"column\" data-e-type=\"column\">\n\t\t\t<div class=\"elementor-widget-wrap elementor-element-populated\">\n\t\t\t\t\t\t<div class=\"elementor-element elementor-element-33f70db elementor-widget elementor-widget-wd_text_block\" data-id=\"33f70db\" data-element_type=\"widget\" data-e-type=\"widget\" data-widget_type=\"wd_text_block.default\">\n\t\t\t\t<div class=\"elementor-widget-container\">\n\t\t\t\t\t\t\t<div class=\"wd-text-block reset-last-child text-left\">\n\t\t\t\n\t\t\t<p data-start=\"343\" data-end=\"726\">La <strong data-start=\"346\" data-end=\"401\">Clipadora Manual para Embutidos de Fuller Machinery<\/strong> es una m\u00e1quina robusta y precisa dise\u00f1ada para <strong data-start=\"449\" data-end=\"550\">cerrar de forma segura los extremos de embutidos, salchichas, chorizos y otros productos c\u00e1rnicos<\/strong> mediante clips met\u00e1licos. Est\u00e1 fabricada en <strong data-start=\"595\" data-end=\"635\">acero inoxidable de alta resistencia<\/strong>, garantizando higiene, durabilidad y cumplimiento con normativas de seguridad alimentaria.<\/p><p data-start=\"728\" data-end=\"893\">Su dise\u00f1o <strong data-start=\"738\" data-end=\"761\">manual y ergon\u00f3mico<\/strong> permite operar de forma sencilla, r\u00e1pida y con un clipado consistente, ideal para <strong data-start=\"844\" data-end=\"892\">producciones artesanales, medianas y grandes<\/strong>.<\/p><hr data-start=\"895\" data-end=\"898\" \/><h2 data-start=\"900\" data-end=\"925\">\u2699\ufe0f <strong data-start=\"906\" data-end=\"925\">\u00bfC\u00f3mo funciona?<\/strong><\/h2><p data-start=\"927\" data-end=\"1000\">El proceso de clipado es <strong data-start=\"952\" data-end=\"997\">100% manual pero extremadamente eficiente<\/strong>:<\/p><p data-start=\"1002\" data-end=\"1022\">1\ufe0f\u20e3 <strong data-start=\"1006\" data-end=\"1022\">Preparaci\u00f3n:<\/strong><\/p><ul data-start=\"1026\" data-end=\"1227\"><li data-start=\"1026\" data-end=\"1059\"><p data-start=\"1028\" data-end=\"1059\">Retira el martillo de gravedad.<\/p><\/li><li data-start=\"1063\" data-end=\"1114\"><p data-start=\"1065\" data-end=\"1114\">Coloca la hebilla met\u00e1lica en la gu\u00eda deslizante.<\/p><\/li><li data-start=\"1118\" data-end=\"1161\"><p data-start=\"1120\" data-end=\"1161\">Vuelve a colocar el martillo de gravedad.<\/p><\/li><li data-start=\"1165\" data-end=\"1227\"><p data-start=\"1167\" data-end=\"1227\">Posiciona la carcasa del embutido sobre el troquel inferior.<\/p><\/li><\/ul><p data-start=\"1229\" data-end=\"1245\">2\ufe0f\u20e3 <strong data-start=\"1233\" data-end=\"1245\">Clipado:<\/strong><\/p><ul data-start=\"1249\" data-end=\"1572\"><li data-start=\"1249\" data-end=\"1285\"><p data-start=\"1251\" data-end=\"1285\">Presiona el mango de la clipadora.<\/p><\/li><li data-start=\"1289\" data-end=\"1378\"><p data-start=\"1291\" data-end=\"1378\">El mecanismo de balanc\u00edn acciona la placa de presi\u00f3n para cerrar firmemente la carcasa.<\/p><\/li><li data-start=\"1382\" data-end=\"1467\"><p data-start=\"1384\" data-end=\"1467\">El punz\u00f3n empuja la hebilla en forma de U hacia abajo, sellando de manera uniforme.<\/p><\/li><li data-start=\"1471\" data-end=\"1572\"><p data-start=\"1473\" data-end=\"1572\">Contin\u00faa presionando para cruzar y compactar las patas de la hebilla, logrando un cierre herm\u00e9tico.<\/p><\/li><\/ul><p data-start=\"1574\" data-end=\"1668\">\ud83d\udca1 <strong data-start=\"1577\" data-end=\"1593\">Rendimiento:<\/strong> Hasta <strong data-start=\"1600\" data-end=\"1626\">50 clipados por minuto<\/strong>, dependiendo de la destreza del operario.<\/p><hr data-start=\"1670\" data-end=\"1673\" \/><h2 data-start=\"1675\" data-end=\"1710\">\ud83c\udfed <strong data-start=\"1681\" data-end=\"1710\">\u00bfEn qu\u00e9 industrias sirve?<\/strong><\/h2><p data-start=\"1712\" data-end=\"1787\">Esta clipadora es una <strong data-start=\"1734\" data-end=\"1758\">herramienta vers\u00e1til<\/strong> para m\u00faltiples aplicaciones:<\/p><p data-start=\"1789\" data-end=\"1816\">\ud83e\udd69 <strong data-start=\"1792\" data-end=\"1814\">Industria C\u00e1rnica:<\/strong><\/p><ul data-start=\"1820\" data-end=\"1932\"><li data-start=\"1820\" data-end=\"1858\"><p data-start=\"1822\" data-end=\"1858\">Plantas de procesamiento de carne.<\/p><\/li><li data-start=\"1862\" data-end=\"1932\"><p data-start=\"1864\" data-end=\"1932\">F\u00e1bricas de chorizos, salchichas, morcillas y embutidos artesanales.<\/p><\/li><\/ul><p data-start=\"1934\" data-end=\"1978\">\ud83d\udd2a <strong data-start=\"1937\" data-end=\"1976\">Charcuter\u00edas y Carnicer\u00edas Locales:<\/strong><\/p><ul data-start=\"1982\" data-end=\"2054\"><li data-start=\"1982\" data-end=\"2054\"><p data-start=\"1984\" data-end=\"2054\">Para mantener la calidad, presentaci\u00f3n y seguridad del producto final.<\/p><\/li><\/ul><p data-start=\"2056\" data-end=\"2104\">\ud83c\udf7d\ufe0f <strong data-start=\"2060\" data-end=\"2102\">Empresas de Alimentos Gourmet y PYMES:<\/strong><\/p><ul data-start=\"2108\" data-end=\"2160\"><li data-start=\"2108\" data-end=\"2160\"><p data-start=\"2110\" data-end=\"2160\">Para producciones especiales de embutidos gourmet.<\/p><\/li><\/ul><p data-start=\"2162\" data-end=\"2194\">\ud83c\udf93 <strong data-start=\"2165\" data-end=\"2192\">Escuelas Gastron\u00f3micas:<\/strong><\/p><ul data-start=\"2198\" data-end=\"2280\"><li data-start=\"2198\" data-end=\"2280\"><p data-start=\"2200\" data-end=\"2280\">Como equipo de formaci\u00f3n para pr\u00e1cticas de charcuter\u00eda y procesamiento de carne.<\/p><\/li><\/ul><p data-start=\"2282\" data-end=\"2317\">\ud83d\uded2 <strong data-start=\"2285\" data-end=\"2315\">Ferias y Mercados Locales:<\/strong><\/p><ul data-start=\"2321\" data-end=\"2406\"><li data-start=\"2321\" data-end=\"2406\"><p data-start=\"2323\" data-end=\"2406\">Para vendedores ambulantes y productores locales que buscan un acabado profesional.<\/p><\/li><\/ul><hr data-start=\"2408\" data-end=\"2411\" \/><h2 data-start=\"2413\" data-end=\"2447\">\ud83d\udcd0 <strong data-start=\"2419\" data-end=\"2447\">Caracter\u00edsticas T\u00e9cnicas<\/strong><\/h2><div class=\"_tableContainer_16hzy_1\"><div class=\"_tableWrapper_16hzy_14 group flex w-fit flex-col-reverse\" tabindex=\"-1\"><table class=\"w-fit min-w-(--thread-content-width)\" data-start=\"2449\" data-end=\"2981\"><thead data-start=\"2449\" data-end=\"2477\"><tr data-start=\"2449\" data-end=\"2477\"><th data-start=\"2449\" data-end=\"2466\" data-col-size=\"sm\">Especificaci\u00f3n<\/th><th data-start=\"2466\" data-end=\"2477\" data-col-size=\"md\">Detalle<\/th><\/tr><\/thead><tbody data-start=\"2507\" data-end=\"2981\"><tr data-start=\"2507\" data-end=\"2543\"><td data-start=\"2507\" data-end=\"2523\" data-col-size=\"sm\"><strong data-start=\"2509\" data-end=\"2522\">Material:<\/strong><\/td><td data-start=\"2523\" data-end=\"2543\" data-col-size=\"md\">Acero inoxidable<\/td><\/tr><tr data-start=\"2544\" data-end=\"2613\"><td data-start=\"2544\" data-end=\"2563\" data-col-size=\"sm\"><strong data-start=\"2546\" data-end=\"2562\">Dimensiones:<\/strong><\/td><td data-start=\"2563\" data-end=\"2613\" data-col-size=\"md\">Altura 58 cm x Ancho 15 cm x Profundidad 36 cm<\/td><\/tr><tr data-start=\"2614\" data-end=\"2634\"><td data-start=\"2614\" data-end=\"2626\" data-col-size=\"sm\"><strong data-start=\"2616\" data-end=\"2625\">Peso:<\/strong><\/td><td data-start=\"2626\" data-end=\"2634\" data-col-size=\"md\">7 kg<\/td><\/tr><tr data-start=\"2635\" data-end=\"2664\"><td data-start=\"2635\" data-end=\"2654\" data-col-size=\"sm\"><strong data-start=\"2637\" data-end=\"2653\">Modo de Uso:<\/strong><\/td><td data-start=\"2654\" data-end=\"2664\" data-col-size=\"md\">Manual<\/td><\/tr><tr data-start=\"2665\" data-end=\"2707\"><td data-start=\"2665\" data-end=\"2682\" data-col-size=\"sm\"><strong data-start=\"2667\" data-end=\"2681\">Capacidad:<\/strong><\/td><td data-start=\"2682\" data-end=\"2707\" data-col-size=\"md\">Hasta 50 clipados\/min<\/td><\/tr><tr data-start=\"2708\" data-end=\"2801\"><td data-start=\"2708\" data-end=\"2726\" data-col-size=\"sm\"><strong data-start=\"2710\" data-end=\"2725\">Accesorios:<\/strong><\/td><td data-start=\"2726\" data-end=\"2801\" data-col-size=\"md\">Opcional: Juegos de repuestos de clips (ganchos se venden por separado)<\/td><\/tr><tr data-start=\"2802\" data-end=\"2855\"><td data-start=\"2802\" data-end=\"2819\" data-col-size=\"sm\"><strong data-start=\"2804\" data-end=\"2818\">Seguridad:<\/strong><\/td><td data-start=\"2819\" data-end=\"2855\" data-col-size=\"md\">Sistema de seguridad incorporado<\/td><\/tr><tr data-start=\"2856\" data-end=\"2923\"><td data-start=\"2856\" data-end=\"2877\" data-col-size=\"sm\"><strong data-start=\"2858\" data-end=\"2876\">Certificaci\u00f3n:<\/strong><\/td><td data-start=\"2877\" data-end=\"2923\" data-col-size=\"md\">Cumple normativas de seguridad alimentaria<\/td><\/tr><tr data-start=\"2924\" data-end=\"2981\"><td data-start=\"2924\" data-end=\"2940\" data-col-size=\"sm\"><strong data-start=\"2926\" data-end=\"2939\">Garant\u00eda:<\/strong><\/td><td data-start=\"2940\" data-end=\"2981\" data-col-size=\"md\">6 meses sobre defectos de fabricaci\u00f3n<\/td><\/tr><\/tbody><\/table><div class=\"sticky end-(--thread-content-margin) h-0 self-end select-none\"><div class=\"absolute end-0 flex items-end\">\u00a0<\/div><\/div><\/div><\/div><hr data-start=\"2983\" data-end=\"2986\" \/><h2 data-start=\"2988\" data-end=\"3011\">\u2705 <strong data-start=\"2993\" data-end=\"3011\">Ventajas Clave<\/strong><\/h2><p data-start=\"3013\" data-end=\"3224\">\u2714\ufe0f Clipado preciso y uniforme.<br data-start=\"3043\" data-end=\"3046\" \/>\u2714\ufe0f Construcci\u00f3n robusta en acero inoxidable.<br data-start=\"3090\" data-end=\"3093\" \/>\u2714\ufe0f F\u00e1cil de usar y mantener.<br data-start=\"3121\" data-end=\"3124\" \/>\u2714\ufe0f Ideal para todo tipo de producciones de embutidos.<br data-start=\"3177\" data-end=\"3180\" \/>\u2714\ufe0f Cumple normativas de higiene alimentaria.<\/p>\n\t\t\t\t\t<\/div>\n\t\t\t\t\t\t<\/div>\n\t\t\t\t<\/div>\n\t\t\t\t\t<\/div>\n\t\t<\/div>\n\t\t\t\t\t<\/div>\n\t\t<\/section>\n\t\t\t\t<\/div>\n\t\t","protected":false},"excerpt":{"rendered":"<p data-start=\"3494\" data-end=\"3663\"><strong data-start=\"3494\" data-end=\"3663\">Clipadora Manual para Embutidos de acero inoxidable. Segura, precisa y resistente. Hasta 50 clipados\/minuto. Ideal para charcuter\u00edas, carnicer\u00edas y plantas c\u00e1rnicas.<\/strong><\/p>\n","protected":false},"featured_media":16804,"comment_status":"open","ping_status":"closed","template":"","meta":[],"product_brand":[],"product_cat":[140,244],"product_tag":[220,218,219],"class_list":{"0":"post-16803","1":"product","2":"type-product","3":"status-publish","4":"has-post-thumbnail","6":"product_cat-preparacion-de-alimentos","7":"product_cat-embutidoras","8":"product_tag-amasadora","9":"product_tag-amasadora-industrial","10":"product_tag-panaderia","12":"first","13":"instock","14":"featured","15":"shipping-taxable","16":"purchasable","17":"product-type-simple"},"yoast_head":"<!-- This site is optimized with the Yoast SEO plugin v27.3 - https:\/\/yoast.com\/product\/yoast-seo-wordpress\/ -->\n<title>Clipadora Manual para Embutidos | Fuller Machinery | Acero Inoxidable | Capacidad 50 Clipados por Minuto - Fuller Machinery<\/title>\n<meta name=\"description\" content=\"Clipadora manual para embutidos Fuller Machinery | Acero inoxidable | Hasta 50 clipados por minuto | Compacta, segura y certificada para la industria c\u00e1rnica.\" \/>\n<meta name=\"robots\" content=\"index, follow, max-snippet:-1, max-image-preview:large, max-video-preview:-1\" \/>\n<link rel=\"canonical\" href=\"https:\/\/tienda.fullermachinery.com\/index.php\/producto\/clipadora-amarradora-de-embutidos\/\" \/>\n<meta property=\"og:locale\" content=\"es_ES\" \/>\n<meta property=\"og:type\" content=\"article\" \/>\n<meta property=\"og:title\" content=\"Clipadora Manual para Embutidos | Fuller Machinery | Acero Inoxidable | Capacidad 50 Clipados por Minuto - Fuller Machinery\" \/>\n<meta property=\"og:description\" content=\"Clipadora manual para embutidos Fuller Machinery | Acero inoxidable | Hasta 50 clipados por minuto | Compacta, segura y certificada para la industria c\u00e1rnica.\" \/>\n<meta property=\"og:url\" content=\"https:\/\/tienda.fullermachinery.com\/index.php\/producto\/clipadora-amarradora-de-embutidos\/\" \/>\n<meta property=\"og:site_name\" content=\"Fuller Machinery\" \/>\n<meta property=\"article:modified_time\" content=\"2025-07-10T13:47:43+00:00\" \/>\n<meta property=\"og:image\" content=\"https:\/\/tienda.fullermachinery.com\/wp-content\/uploads\/2024\/07\/Clipadora-amarradora-de-Embutidos-1.png\" \/>\n\t<meta property=\"og:image:width\" content=\"2000\" \/>\n\t<meta property=\"og:image:height\" content=\"2000\" \/>\n\t<meta property=\"og:image:type\" content=\"image\/png\" \/>\n<meta name=\"twitter:card\" content=\"summary_large_image\" \/>\n<meta name=\"twitter:label1\" content=\"Tiempo de lectura\" \/>\n\t<meta name=\"twitter:data1\" content=\"2 minutos\" \/>\n<script type=\"application\/ld+json\" class=\"yoast-schema-graph\">{\"@context\":\"https:\\\/\\\/schema.org\",\"@graph\":[{\"@type\":\"WebPage\",\"@id\":\"https:\\\/\\\/tienda.fullermachinery.com\\\/index.php\\\/producto\\\/clipadora-amarradora-de-embutidos\\\/\",\"url\":\"https:\\\/\\\/tienda.fullermachinery.com\\\/index.php\\\/producto\\\/clipadora-amarradora-de-embutidos\\\/\",\"name\":\"Clipadora Manual para Embutidos | Fuller Machinery | Acero Inoxidable | Capacidad 50 Clipados por Minuto - Fuller Machinery\",\"isPartOf\":{\"@id\":\"https:\\\/\\\/tienda.fullermachinery.com\\\/#website\"},\"primaryImageOfPage\":{\"@id\":\"https:\\\/\\\/tienda.fullermachinery.com\\\/index.php\\\/producto\\\/clipadora-amarradora-de-embutidos\\\/#primaryimage\"},\"image\":{\"@id\":\"https:\\\/\\\/tienda.fullermachinery.com\\\/index.php\\\/producto\\\/clipadora-amarradora-de-embutidos\\\/#primaryimage\"},\"thumbnailUrl\":\"https:\\\/\\\/tienda.fullermachinery.com\\\/wp-content\\\/uploads\\\/2024\\\/07\\\/Clipadora-amarradora-de-Embutidos-1.png\",\"datePublished\":\"2024-07-18T02:00:45+00:00\",\"dateModified\":\"2025-07-10T13:47:43+00:00\",\"description\":\"Clipadora manual para embutidos Fuller Machinery | Acero inoxidable | Hasta 50 clipados por minuto | Compacta, segura y certificada para la industria c\u00e1rnica.\",\"breadcrumb\":{\"@id\":\"https:\\\/\\\/tienda.fullermachinery.com\\\/index.php\\\/producto\\\/clipadora-amarradora-de-embutidos\\\/#breadcrumb\"},\"inLanguage\":\"es\",\"potentialAction\":[{\"@type\":\"ReadAction\",\"target\":[\"https:\\\/\\\/tienda.fullermachinery.com\\\/index.php\\\/producto\\\/clipadora-amarradora-de-embutidos\\\/\"]}]},{\"@type\":\"ImageObject\",\"inLanguage\":\"es\",\"@id\":\"https:\\\/\\\/tienda.fullermachinery.com\\\/index.php\\\/producto\\\/clipadora-amarradora-de-embutidos\\\/#primaryimage\",\"url\":\"https:\\\/\\\/tienda.fullermachinery.com\\\/wp-content\\\/uploads\\\/2024\\\/07\\\/Clipadora-amarradora-de-Embutidos-1.png\",\"contentUrl\":\"https:\\\/\\\/tienda.fullermachinery.com\\\/wp-content\\\/uploads\\\/2024\\\/07\\\/Clipadora-amarradora-de-Embutidos-1.png\",\"width\":2000,\"height\":2000,\"caption\":\"La Clipadora Manual para Embutidos de Fuller Machinery es una herramienta esencial para la industria c\u00e1rnica, dise\u00f1ada para cerrar los extremos de embutidos y salchichas con clips met\u00e1licos. Este dispositivo proporciona una soluci\u00f3n pr\u00e1ctica y eficiente tanto para peque\u00f1as como grandes producciones, asegurando un clipado preciso y seguro.\"},{\"@type\":\"BreadcrumbList\",\"@id\":\"https:\\\/\\\/tienda.fullermachinery.com\\\/index.php\\\/producto\\\/clipadora-amarradora-de-embutidos\\\/#breadcrumb\",\"itemListElement\":[{\"@type\":\"ListItem\",\"position\":1,\"name\":\"Portada\",\"item\":\"https:\\\/\\\/tienda.fullermachinery.com\\\/\"},{\"@type\":\"ListItem\",\"position\":2,\"name\":\"Productos\",\"item\":\"https:\\\/\\\/tienda.fullermachinery.com\\\/index.php\\\/shop\\\/\"},{\"@type\":\"ListItem\",\"position\":3,\"name\":\"Clipadora Manual para Embutidos | Fuller Machinery | Acero Inoxidable | Capacidad 50 Clipados por Minuto\"}]},{\"@type\":\"WebSite\",\"@id\":\"https:\\\/\\\/tienda.fullermachinery.com\\\/#website\",\"url\":\"https:\\\/\\\/tienda.fullermachinery.com\\\/\",\"name\":\"Fuller Machinery\",\"description\":\"Importaci\u00f3n y comercializaci\u00f3n de m\u00e1quinas industriales para el sector de alimentos\",\"publisher\":{\"@id\":\"https:\\\/\\\/tienda.fullermachinery.com\\\/#organization\"},\"potentialAction\":[{\"@type\":\"SearchAction\",\"target\":{\"@type\":\"EntryPoint\",\"urlTemplate\":\"https:\\\/\\\/tienda.fullermachinery.com\\\/?s={search_term_string}\"},\"query-input\":{\"@type\":\"PropertyValueSpecification\",\"valueRequired\":true,\"valueName\":\"search_term_string\"}}],\"inLanguage\":\"es\"},{\"@type\":\"Organization\",\"@id\":\"https:\\\/\\\/tienda.fullermachinery.com\\\/#organization\",\"name\":\"Fuller Machinery\",\"url\":\"https:\\\/\\\/tienda.fullermachinery.com\\\/\",\"logo\":{\"@type\":\"ImageObject\",\"inLanguage\":\"es\",\"@id\":\"https:\\\/\\\/tienda.fullermachinery.com\\\/#\\\/schema\\\/logo\\\/image\\\/\",\"url\":\"https:\\\/\\\/tienda.fullermachinery.com\\\/wp-content\\\/uploads\\\/2023\\\/08\\\/logo-fuller-transparente.png\",\"contentUrl\":\"https:\\\/\\\/tienda.fullermachinery.com\\\/wp-content\\\/uploads\\\/2023\\\/08\\\/logo-fuller-transparente.png\",\"width\":2208,\"height\":644,\"caption\":\"Fuller Machinery\"},\"image\":{\"@id\":\"https:\\\/\\\/tienda.fullermachinery.com\\\/#\\\/schema\\\/logo\\\/image\\\/\"}}]}<\/script>\n<!-- \/ Yoast SEO plugin. -->","yoast_head_json":{"title":"Clipadora Manual para Embutidos | Fuller Machinery | Acero Inoxidable | Capacidad 50 Clipados por Minuto - Fuller Machinery","description":"Clipadora manual para embutidos Fuller Machinery | Acero inoxidable | Hasta 50 clipados por minuto | Compacta, segura y certificada para la industria c\u00e1rnica.","robots":{"index":"index","follow":"follow","max-snippet":"max-snippet:-1","max-image-preview":"max-image-preview:large","max-video-preview":"max-video-preview:-1"},"canonical":"https:\/\/tienda.fullermachinery.com\/index.php\/producto\/clipadora-amarradora-de-embutidos\/","og_locale":"es_ES","og_type":"article","og_title":"Clipadora Manual para Embutidos | Fuller Machinery | Acero Inoxidable | Capacidad 50 Clipados por Minuto - Fuller Machinery","og_description":"Clipadora manual para embutidos Fuller Machinery | Acero inoxidable | Hasta 50 clipados por minuto | Compacta, segura y certificada para la industria c\u00e1rnica.","og_url":"https:\/\/tienda.fullermachinery.com\/index.php\/producto\/clipadora-amarradora-de-embutidos\/","og_site_name":"Fuller Machinery","article_modified_time":"2025-07-10T13:47:43+00:00","og_image":[{"width":2000,"height":2000,"url":"https:\/\/tienda.fullermachinery.com\/wp-content\/uploads\/2024\/07\/Clipadora-amarradora-de-Embutidos-1.png","type":"image\/png"}],"twitter_card":"summary_large_image","twitter_misc":{"Tiempo de lectura":"2 minutos"},"schema":{"@context":"https:\/\/schema.org","@graph":[{"@type":"WebPage","@id":"https:\/\/tienda.fullermachinery.com\/index.php\/producto\/clipadora-amarradora-de-embutidos\/","url":"https:\/\/tienda.fullermachinery.com\/index.php\/producto\/clipadora-amarradora-de-embutidos\/","name":"Clipadora Manual para Embutidos | Fuller Machinery | Acero Inoxidable | Capacidad 50 Clipados por Minuto - Fuller Machinery","isPartOf":{"@id":"https:\/\/tienda.fullermachinery.com\/#website"},"primaryImageOfPage":{"@id":"https:\/\/tienda.fullermachinery.com\/index.php\/producto\/clipadora-amarradora-de-embutidos\/#primaryimage"},"image":{"@id":"https:\/\/tienda.fullermachinery.com\/index.php\/producto\/clipadora-amarradora-de-embutidos\/#primaryimage"},"thumbnailUrl":"https:\/\/tienda.fullermachinery.com\/wp-content\/uploads\/2024\/07\/Clipadora-amarradora-de-Embutidos-1.png","datePublished":"2024-07-18T02:00:45+00:00","dateModified":"2025-07-10T13:47:43+00:00","description":"Clipadora manual para embutidos Fuller Machinery | Acero inoxidable | Hasta 50 clipados por minuto | Compacta, segura y certificada para la industria c\u00e1rnica.","breadcrumb":{"@id":"https:\/\/tienda.fullermachinery.com\/index.php\/producto\/clipadora-amarradora-de-embutidos\/#breadcrumb"},"inLanguage":"es","potentialAction":[{"@type":"ReadAction","target":["https:\/\/tienda.fullermachinery.com\/index.php\/producto\/clipadora-amarradora-de-embutidos\/"]}]},{"@type":"ImageObject","inLanguage":"es","@id":"https:\/\/tienda.fullermachinery.com\/index.php\/producto\/clipadora-amarradora-de-embutidos\/#primaryimage","url":"https:\/\/tienda.fullermachinery.com\/wp-content\/uploads\/2024\/07\/Clipadora-amarradora-de-Embutidos-1.png","contentUrl":"https:\/\/tienda.fullermachinery.com\/wp-content\/uploads\/2024\/07\/Clipadora-amarradora-de-Embutidos-1.png","width":2000,"height":2000,"caption":"La Clipadora Manual para Embutidos de Fuller Machinery es una herramienta esencial para la industria c\u00e1rnica, dise\u00f1ada para cerrar los extremos de embutidos y salchichas con clips met\u00e1licos. Este dispositivo proporciona una soluci\u00f3n pr\u00e1ctica y eficiente tanto para peque\u00f1as como grandes producciones, asegurando un clipado preciso y seguro."},{"@type":"BreadcrumbList","@id":"https:\/\/tienda.fullermachinery.com\/index.php\/producto\/clipadora-amarradora-de-embutidos\/#breadcrumb","itemListElement":[{"@type":"ListItem","position":1,"name":"Portada","item":"https:\/\/tienda.fullermachinery.com\/"},{"@type":"ListItem","position":2,"name":"Productos","item":"https:\/\/tienda.fullermachinery.com\/index.php\/shop\/"},{"@type":"ListItem","position":3,"name":"Clipadora Manual para Embutidos | Fuller Machinery | Acero Inoxidable | Capacidad 50 Clipados por Minuto"}]},{"@type":"WebSite","@id":"https:\/\/tienda.fullermachinery.com\/#website","url":"https:\/\/tienda.fullermachinery.com\/","name":"Fuller Machinery","description":"Importaci\u00f3n y comercializaci\u00f3n de m\u00e1quinas industriales para el sector de alimentos","publisher":{"@id":"https:\/\/tienda.fullermachinery.com\/#organization"},"potentialAction":[{"@type":"SearchAction","target":{"@type":"EntryPoint","urlTemplate":"https:\/\/tienda.fullermachinery.com\/?s={search_term_string}"},"query-input":{"@type":"PropertyValueSpecification","valueRequired":true,"valueName":"search_term_string"}}],"inLanguage":"es"},{"@type":"Organization","@id":"https:\/\/tienda.fullermachinery.com\/#organization","name":"Fuller Machinery","url":"https:\/\/tienda.fullermachinery.com\/","logo":{"@type":"ImageObject","inLanguage":"es","@id":"https:\/\/tienda.fullermachinery.com\/#\/schema\/logo\/image\/","url":"https:\/\/tienda.fullermachinery.com\/wp-content\/uploads\/2023\/08\/logo-fuller-transparente.png","contentUrl":"https:\/\/tienda.fullermachinery.com\/wp-content\/uploads\/2023\/08\/logo-fuller-transparente.png","width":2208,"height":644,"caption":"Fuller Machinery"},"image":{"@id":"https:\/\/tienda.fullermachinery.com\/#\/schema\/logo\/image\/"}}]}},"jetpack_sharing_enabled":true,"_links":{"self":[{"href":"https:\/\/tienda.fullermachinery.com\/index.php\/wp-json\/wp\/v2\/product\/16803","targetHints":{"allow":["GET"]}}],"collection":[{"href":"https:\/\/tienda.fullermachinery.com\/index.php\/wp-json\/wp\/v2\/product"}],"about":[{"href":"https:\/\/tienda.fullermachinery.com\/index.php\/wp-json\/wp\/v2\/types\/product"}],"replies":[{"embeddable":true,"href":"https:\/\/tienda.fullermachinery.com\/index.php\/wp-json\/wp\/v2\/comments?post=16803"}],"version-history":[{"count":6,"href":"https:\/\/tienda.fullermachinery.com\/index.php\/wp-json\/wp\/v2\/product\/16803\/revisions"}],"predecessor-version":[{"id":18546,"href":"https:\/\/tienda.fullermachinery.com\/index.php\/wp-json\/wp\/v2\/product\/16803\/revisions\/18546"}],"wp:featuredmedia":[{"embeddable":true,"href":"https:\/\/tienda.fullermachinery.com\/index.php\/wp-json\/wp\/v2\/media\/16804"}],"wp:attachment":[{"href":"https:\/\/tienda.fullermachinery.com\/index.php\/wp-json\/wp\/v2\/media?parent=16803"}],"wp:term":[{"taxonomy":"product_brand","embeddable":true,"href":"https:\/\/tienda.fullermachinery.com\/index.php\/wp-json\/wp\/v2\/product_brand?post=16803"},{"taxonomy":"product_cat","embeddable":true,"href":"https:\/\/tienda.fullermachinery.com\/index.php\/wp-json\/wp\/v2\/product_cat?post=16803"},{"taxonomy":"product_tag","embeddable":true,"href":"https:\/\/tienda.fullermachinery.com\/index.php\/wp-json\/wp\/v2\/product_tag?post=16803"}],"curies":[{"name":"wp","href":"https:\/\/api.w.org\/{rel}","templated":true}]}}