{"id":15904,"date":"2024-01-18T17:00:06","date_gmt":"2024-01-18T22:00:06","guid":{"rendered":"https:\/\/tienda.fullermachinery.com\/?post_type=product&#038;p=15904"},"modified":"2025-07-18T10:41:33","modified_gmt":"2025-07-18T15:41:33","slug":"asador-salchichas-5-rodillos-cabina-vidrio","status":"publish","type":"product","link":"https:\/\/tienda.fullermachinery.com\/index.php\/producto\/asador-salchichas-5-rodillos-cabina-vidrio\/","title":{"rendered":"Asador de Salchichas 5 Rodillos | Capacidad 10 Unidades | Cabina en Vidrio Templado | Acero Inoxidable | 110V"},"content":{"rendered":"\t\t<div data-elementor-type=\"wp-post\" data-elementor-id=\"15904\" class=\"elementor elementor-15904\">\n\t\t\t\t\t\t<section class=\"wd-negative-gap elementor-section elementor-top-section elementor-element elementor-element-eb10256 elementor-section-boxed elementor-section-height-default elementor-section-height-default wd-section-disabled\" data-id=\"eb10256\" data-element_type=\"section\" data-e-type=\"section\">\n\t\t\t\t\t\t<div class=\"elementor-container elementor-column-gap-default\">\n\t\t\t\t\t<div class=\"elementor-column elementor-col-100 elementor-top-column elementor-element elementor-element-b28c133\" data-id=\"b28c133\" data-element_type=\"column\" data-e-type=\"column\">\n\t\t\t<div class=\"elementor-widget-wrap elementor-element-populated\">\n\t\t\t\t\t\t<div class=\"elementor-element elementor-element-3f3a9c7 elementor-widget elementor-widget-wd_text_block\" data-id=\"3f3a9c7\" data-element_type=\"widget\" data-e-type=\"widget\" data-widget_type=\"wd_text_block.default\">\n\t\t\t\t<div class=\"elementor-widget-container\">\n\t\t\t\t\t\t\t<div class=\"wd-text-block reset-last-child text-left\">\n\t\t\t\n\t\t\t<p data-start=\"624\" data-end=\"710\"><strong data-start=\"624\" data-end=\"710\">Dise\u00f1o compacto, rendimiento confiable y presentaci\u00f3n profesional para tu negocio.<\/strong><\/p><p data-start=\"712\" data-end=\"1013\">Este asador de 5 rodillos es la soluci\u00f3n perfecta para emprendedores con espacios reducidos. Con capacidad para <strong data-start=\"824\" data-end=\"841\">10 salchichas<\/strong>, ofrece cocci\u00f3n uniforme gracias a su sistema de <strong data-start=\"891\" data-end=\"908\">rotaci\u00f3n 360\u00b0<\/strong>, y cuenta con una <strong data-start=\"927\" data-end=\"965\">cabina superior en vidrio templado<\/strong> para exhibici\u00f3n o mantenimiento de temperatura.<\/p><p data-start=\"1015\" data-end=\"1046\"><strong data-start=\"1015\" data-end=\"1044\">Caracter\u00edsticas t\u00e9cnicas:<\/strong><\/p><ul data-start=\"1047\" data-end=\"1532\"><li data-start=\"1047\" data-end=\"1084\"><p data-start=\"1049\" data-end=\"1084\">\u2705 Capacidad: 10 salchichas aprox.<\/p><\/li><li data-start=\"1085\" data-end=\"1137\"><p data-start=\"1087\" data-end=\"1137\">\u2705 5 rodillos antiadherentes con rotaci\u00f3n de 360\u00b0<\/p><\/li><li data-start=\"1138\" data-end=\"1177\"><p data-start=\"1140\" data-end=\"1177\">\u2705 Longitud de cada rodillo: 45.5 cm<\/p><\/li><li data-start=\"1178\" data-end=\"1214\"><p data-start=\"1180\" data-end=\"1214\">\u2705 Estructura en acero inoxidable<\/p><\/li><li data-start=\"1215\" data-end=\"1265\"><p data-start=\"1217\" data-end=\"1265\">\u2705 Cabina\/exhibidor superior de vidrio templado<\/p><\/li><li data-start=\"1266\" data-end=\"1310\"><p data-start=\"1268\" data-end=\"1310\">\u2705 Alimentaci\u00f3n: 110V | Frecuencia: 60 Hz<\/p><\/li><li data-start=\"1311\" data-end=\"1333\"><p data-start=\"1313\" data-end=\"1333\">\u2705 Potencia: 0.6 kW<\/p><\/li><li data-start=\"1334\" data-end=\"1409\"><p data-start=\"1336\" data-end=\"1409\">\u2705 Dimensiones: 60 cm ancho x 40 cm alto (hasta la cabina) x 28 cm fondo<\/p><\/li><li data-start=\"1410\" data-end=\"1427\"><p data-start=\"1412\" data-end=\"1427\">\u2705 Peso: 15 kg<\/p><\/li><li data-start=\"1428\" data-end=\"1461\"><p data-start=\"1430\" data-end=\"1461\">\u2705 F\u00e1cil de limpiar y mantener<\/p><\/li><li data-start=\"1462\" data-end=\"1532\"><p data-start=\"1464\" data-end=\"1532\">\u2705 Ideal para ferias, cafeter\u00edas, tiendas peque\u00f1as o negocios m\u00f3viles<\/p><\/li><\/ul><p data-start=\"1534\" data-end=\"1636\"><strong data-start=\"1534\" data-end=\"1636\">Una m\u00e1quina eficiente, duradera y de gran presentaci\u00f3n para atraer clientes y aumentar tus ventas.<\/strong><\/p>\n\t\t\t\t\t<\/div>\n\t\t\t\t\t\t<\/div>\n\t\t\t\t<\/div>\n\t\t\t\t\t<\/div>\n\t\t<\/div>\n\t\t\t\t\t<\/div>\n\t\t<\/section>\n\t\t\t\t<\/div>\n\t\t","protected":false},"excerpt":{"rendered":"<p data-start=\"386\" data-end=\"557\">Asador compacto de 5 rodillos con capacidad para 10 salchichas. Incluye cabina superior en vidrio templado. Ideal para negocios peque\u00f1os, ferias y emprendimientos m\u00f3viles.<\/p>\n","protected":false},"featured_media":16087,"comment_status":"open","ping_status":"closed","template":"","meta":[],"product_brand":[302],"product_cat":[140,161],"product_tag":[435,430,276,438,439,428,436,437],"class_list":{"0":"post-15904","1":"product","2":"type-product","3":"status-publish","4":"has-post-thumbnail","6":"product_brand-fuller-machinery","7":"product_cat-preparacion-de-alimentos","8":"product_cat-comida-divertida","9":"product_tag-5-rodillos","10":"product_tag-asador-compacto","11":"product_tag-asador-de-salchichas","12":"product_tag-cabina-de-vidrio-templado","13":"product_tag-emprendedores-gastronomicos","14":"product_tag-equipo-comida-rapida","15":"product_tag-equipo-para-hot-dogs","16":"product_tag-maquinaria-para-snacks","18":"first","19":"instock","20":"featured","21":"shipping-taxable","22":"purchasable","23":"product-type-simple"},"yoast_head":"<!-- This site is optimized with the Yoast SEO plugin v27.3 - https:\/\/yoast.com\/product\/yoast-seo-wordpress\/ -->\n<title>Asador de Salchichas 5 Rodillos | Capacidad 10 Unidades | Cabina en Vidrio Templado | Acero Inoxidable | 110V - Fuller Machinery<\/title>\n<meta name=\"description\" content=\"Asador compacto de 5 rodillos para 10 salchichas. Cabina de vidrio templado, estructura en acero inoxidable y rotaci\u00f3n uniforme. Ideal para negocios peque\u00f1os.\" \/>\n<meta name=\"robots\" content=\"index, follow, max-snippet:-1, max-image-preview:large, max-video-preview:-1\" \/>\n<link rel=\"canonical\" href=\"https:\/\/tienda.fullermachinery.com\/index.php\/producto\/asador-salchichas-5-rodillos-cabina-vidrio\/\" \/>\n<meta property=\"og:locale\" content=\"es_ES\" \/>\n<meta property=\"og:type\" content=\"article\" \/>\n<meta property=\"og:title\" content=\"Asador de Salchichas 5 Rodillos | Capacidad 10 Unidades | Cabina en Vidrio Templado | Acero Inoxidable | 110V - Fuller Machinery\" \/>\n<meta property=\"og:description\" content=\"Asador compacto de 5 rodillos para 10 salchichas. Cabina de vidrio templado, estructura en acero inoxidable y rotaci\u00f3n uniforme. Ideal para negocios peque\u00f1os.\" \/>\n<meta property=\"og:url\" content=\"https:\/\/tienda.fullermachinery.com\/index.php\/producto\/asador-salchichas-5-rodillos-cabina-vidrio\/\" \/>\n<meta property=\"og:site_name\" content=\"Fuller Machinery\" \/>\n<meta property=\"article:modified_time\" content=\"2025-07-18T15:41:33+00:00\" \/>\n<meta property=\"og:image\" content=\"https:\/\/tienda.fullermachinery.com\/wp-content\/uploads\/2024\/01\/ASADOR-DE-SALCHICHAS-5-RODILLOS-38.png\" \/>\n\t<meta property=\"og:image:width\" content=\"2000\" \/>\n\t<meta property=\"og:image:height\" content=\"2000\" \/>\n\t<meta property=\"og:image:type\" content=\"image\/png\" \/>\n<meta name=\"twitter:card\" content=\"summary_large_image\" \/>\n<meta name=\"twitter:label1\" content=\"Tiempo de lectura\" \/>\n\t<meta name=\"twitter:data1\" content=\"1 minuto\" \/>\n<script type=\"application\/ld+json\" class=\"yoast-schema-graph\">{\"@context\":\"https:\\\/\\\/schema.org\",\"@graph\":[{\"@type\":\"WebPage\",\"@id\":\"https:\\\/\\\/tienda.fullermachinery.com\\\/index.php\\\/producto\\\/asador-salchichas-5-rodillos-cabina-vidrio\\\/\",\"url\":\"https:\\\/\\\/tienda.fullermachinery.com\\\/index.php\\\/producto\\\/asador-salchichas-5-rodillos-cabina-vidrio\\\/\",\"name\":\"Asador de Salchichas 5 Rodillos | Capacidad 10 Unidades | Cabina en Vidrio Templado | Acero Inoxidable | 110V - Fuller Machinery\",\"isPartOf\":{\"@id\":\"https:\\\/\\\/tienda.fullermachinery.com\\\/#website\"},\"primaryImageOfPage\":{\"@id\":\"https:\\\/\\\/tienda.fullermachinery.com\\\/index.php\\\/producto\\\/asador-salchichas-5-rodillos-cabina-vidrio\\\/#primaryimage\"},\"image\":{\"@id\":\"https:\\\/\\\/tienda.fullermachinery.com\\\/index.php\\\/producto\\\/asador-salchichas-5-rodillos-cabina-vidrio\\\/#primaryimage\"},\"thumbnailUrl\":\"https:\\\/\\\/tienda.fullermachinery.com\\\/wp-content\\\/uploads\\\/2024\\\/01\\\/ASADOR-DE-SALCHICHAS-5-RODILLOS-38.png\",\"datePublished\":\"2024-01-18T22:00:06+00:00\",\"dateModified\":\"2025-07-18T15:41:33+00:00\",\"description\":\"Asador compacto de 5 rodillos para 10 salchichas. Cabina de vidrio templado, estructura en acero inoxidable y rotaci\u00f3n uniforme. Ideal para negocios peque\u00f1os.\",\"breadcrumb\":{\"@id\":\"https:\\\/\\\/tienda.fullermachinery.com\\\/index.php\\\/producto\\\/asador-salchichas-5-rodillos-cabina-vidrio\\\/#breadcrumb\"},\"inLanguage\":\"es\",\"potentialAction\":[{\"@type\":\"ReadAction\",\"target\":[\"https:\\\/\\\/tienda.fullermachinery.com\\\/index.php\\\/producto\\\/asador-salchichas-5-rodillos-cabina-vidrio\\\/\"]}]},{\"@type\":\"ImageObject\",\"inLanguage\":\"es\",\"@id\":\"https:\\\/\\\/tienda.fullermachinery.com\\\/index.php\\\/producto\\\/asador-salchichas-5-rodillos-cabina-vidrio\\\/#primaryimage\",\"url\":\"https:\\\/\\\/tienda.fullermachinery.com\\\/wp-content\\\/uploads\\\/2024\\\/01\\\/ASADOR-DE-SALCHICHAS-5-RODILLOS-38.png\",\"contentUrl\":\"https:\\\/\\\/tienda.fullermachinery.com\\\/wp-content\\\/uploads\\\/2024\\\/01\\\/ASADOR-DE-SALCHICHAS-5-RODILLOS-38.png\",\"width\":2000,\"height\":2000},{\"@type\":\"BreadcrumbList\",\"@id\":\"https:\\\/\\\/tienda.fullermachinery.com\\\/index.php\\\/producto\\\/asador-salchichas-5-rodillos-cabina-vidrio\\\/#breadcrumb\",\"itemListElement\":[{\"@type\":\"ListItem\",\"position\":1,\"name\":\"Portada\",\"item\":\"https:\\\/\\\/tienda.fullermachinery.com\\\/\"},{\"@type\":\"ListItem\",\"position\":2,\"name\":\"Productos\",\"item\":\"https:\\\/\\\/tienda.fullermachinery.com\\\/index.php\\\/shop\\\/\"},{\"@type\":\"ListItem\",\"position\":3,\"name\":\"Asador de Salchichas 5 Rodillos | Capacidad 10 Unidades | Cabina en Vidrio Templado | Acero Inoxidable | 110V\"}]},{\"@type\":\"WebSite\",\"@id\":\"https:\\\/\\\/tienda.fullermachinery.com\\\/#website\",\"url\":\"https:\\\/\\\/tienda.fullermachinery.com\\\/\",\"name\":\"Fuller Machinery\",\"description\":\"Importaci\u00f3n y comercializaci\u00f3n de m\u00e1quinas industriales para el sector de alimentos\",\"publisher\":{\"@id\":\"https:\\\/\\\/tienda.fullermachinery.com\\\/#organization\"},\"potentialAction\":[{\"@type\":\"SearchAction\",\"target\":{\"@type\":\"EntryPoint\",\"urlTemplate\":\"https:\\\/\\\/tienda.fullermachinery.com\\\/?s={search_term_string}\"},\"query-input\":{\"@type\":\"PropertyValueSpecification\",\"valueRequired\":true,\"valueName\":\"search_term_string\"}}],\"inLanguage\":\"es\"},{\"@type\":\"Organization\",\"@id\":\"https:\\\/\\\/tienda.fullermachinery.com\\\/#organization\",\"name\":\"Fuller Machinery\",\"url\":\"https:\\\/\\\/tienda.fullermachinery.com\\\/\",\"logo\":{\"@type\":\"ImageObject\",\"inLanguage\":\"es\",\"@id\":\"https:\\\/\\\/tienda.fullermachinery.com\\\/#\\\/schema\\\/logo\\\/image\\\/\",\"url\":\"https:\\\/\\\/tienda.fullermachinery.com\\\/wp-content\\\/uploads\\\/2023\\\/08\\\/logo-fuller-transparente.png\",\"contentUrl\":\"https:\\\/\\\/tienda.fullermachinery.com\\\/wp-content\\\/uploads\\\/2023\\\/08\\\/logo-fuller-transparente.png\",\"width\":2208,\"height\":644,\"caption\":\"Fuller Machinery\"},\"image\":{\"@id\":\"https:\\\/\\\/tienda.fullermachinery.com\\\/#\\\/schema\\\/logo\\\/image\\\/\"}}]}<\/script>\n<!-- \/ Yoast SEO plugin. -->","yoast_head_json":{"title":"Asador de Salchichas 5 Rodillos | Capacidad 10 Unidades | Cabina en Vidrio Templado | Acero Inoxidable | 110V - Fuller Machinery","description":"Asador compacto de 5 rodillos para 10 salchichas. Cabina de vidrio templado, estructura en acero inoxidable y rotaci\u00f3n uniforme. Ideal para negocios peque\u00f1os.","robots":{"index":"index","follow":"follow","max-snippet":"max-snippet:-1","max-image-preview":"max-image-preview:large","max-video-preview":"max-video-preview:-1"},"canonical":"https:\/\/tienda.fullermachinery.com\/index.php\/producto\/asador-salchichas-5-rodillos-cabina-vidrio\/","og_locale":"es_ES","og_type":"article","og_title":"Asador de Salchichas 5 Rodillos | Capacidad 10 Unidades | Cabina en Vidrio Templado | Acero Inoxidable | 110V - Fuller Machinery","og_description":"Asador compacto de 5 rodillos para 10 salchichas. Cabina de vidrio templado, estructura en acero inoxidable y rotaci\u00f3n uniforme. Ideal para negocios peque\u00f1os.","og_url":"https:\/\/tienda.fullermachinery.com\/index.php\/producto\/asador-salchichas-5-rodillos-cabina-vidrio\/","og_site_name":"Fuller Machinery","article_modified_time":"2025-07-18T15:41:33+00:00","og_image":[{"width":2000,"height":2000,"url":"https:\/\/tienda.fullermachinery.com\/wp-content\/uploads\/2024\/01\/ASADOR-DE-SALCHICHAS-5-RODILLOS-38.png","type":"image\/png"}],"twitter_card":"summary_large_image","twitter_misc":{"Tiempo de lectura":"1 minuto"},"schema":{"@context":"https:\/\/schema.org","@graph":[{"@type":"WebPage","@id":"https:\/\/tienda.fullermachinery.com\/index.php\/producto\/asador-salchichas-5-rodillos-cabina-vidrio\/","url":"https:\/\/tienda.fullermachinery.com\/index.php\/producto\/asador-salchichas-5-rodillos-cabina-vidrio\/","name":"Asador de Salchichas 5 Rodillos | Capacidad 10 Unidades | Cabina en Vidrio Templado | Acero Inoxidable | 110V - Fuller Machinery","isPartOf":{"@id":"https:\/\/tienda.fullermachinery.com\/#website"},"primaryImageOfPage":{"@id":"https:\/\/tienda.fullermachinery.com\/index.php\/producto\/asador-salchichas-5-rodillos-cabina-vidrio\/#primaryimage"},"image":{"@id":"https:\/\/tienda.fullermachinery.com\/index.php\/producto\/asador-salchichas-5-rodillos-cabina-vidrio\/#primaryimage"},"thumbnailUrl":"https:\/\/tienda.fullermachinery.com\/wp-content\/uploads\/2024\/01\/ASADOR-DE-SALCHICHAS-5-RODILLOS-38.png","datePublished":"2024-01-18T22:00:06+00:00","dateModified":"2025-07-18T15:41:33+00:00","description":"Asador compacto de 5 rodillos para 10 salchichas. Cabina de vidrio templado, estructura en acero inoxidable y rotaci\u00f3n uniforme. Ideal para negocios peque\u00f1os.","breadcrumb":{"@id":"https:\/\/tienda.fullermachinery.com\/index.php\/producto\/asador-salchichas-5-rodillos-cabina-vidrio\/#breadcrumb"},"inLanguage":"es","potentialAction":[{"@type":"ReadAction","target":["https:\/\/tienda.fullermachinery.com\/index.php\/producto\/asador-salchichas-5-rodillos-cabina-vidrio\/"]}]},{"@type":"ImageObject","inLanguage":"es","@id":"https:\/\/tienda.fullermachinery.com\/index.php\/producto\/asador-salchichas-5-rodillos-cabina-vidrio\/#primaryimage","url":"https:\/\/tienda.fullermachinery.com\/wp-content\/uploads\/2024\/01\/ASADOR-DE-SALCHICHAS-5-RODILLOS-38.png","contentUrl":"https:\/\/tienda.fullermachinery.com\/wp-content\/uploads\/2024\/01\/ASADOR-DE-SALCHICHAS-5-RODILLOS-38.png","width":2000,"height":2000},{"@type":"BreadcrumbList","@id":"https:\/\/tienda.fullermachinery.com\/index.php\/producto\/asador-salchichas-5-rodillos-cabina-vidrio\/#breadcrumb","itemListElement":[{"@type":"ListItem","position":1,"name":"Portada","item":"https:\/\/tienda.fullermachinery.com\/"},{"@type":"ListItem","position":2,"name":"Productos","item":"https:\/\/tienda.fullermachinery.com\/index.php\/shop\/"},{"@type":"ListItem","position":3,"name":"Asador de Salchichas 5 Rodillos | Capacidad 10 Unidades | Cabina en Vidrio Templado | Acero Inoxidable | 110V"}]},{"@type":"WebSite","@id":"https:\/\/tienda.fullermachinery.com\/#website","url":"https:\/\/tienda.fullermachinery.com\/","name":"Fuller Machinery","description":"Importaci\u00f3n y comercializaci\u00f3n de m\u00e1quinas industriales para el sector de alimentos","publisher":{"@id":"https:\/\/tienda.fullermachinery.com\/#organization"},"potentialAction":[{"@type":"SearchAction","target":{"@type":"EntryPoint","urlTemplate":"https:\/\/tienda.fullermachinery.com\/?s={search_term_string}"},"query-input":{"@type":"PropertyValueSpecification","valueRequired":true,"valueName":"search_term_string"}}],"inLanguage":"es"},{"@type":"Organization","@id":"https:\/\/tienda.fullermachinery.com\/#organization","name":"Fuller Machinery","url":"https:\/\/tienda.fullermachinery.com\/","logo":{"@type":"ImageObject","inLanguage":"es","@id":"https:\/\/tienda.fullermachinery.com\/#\/schema\/logo\/image\/","url":"https:\/\/tienda.fullermachinery.com\/wp-content\/uploads\/2023\/08\/logo-fuller-transparente.png","contentUrl":"https:\/\/tienda.fullermachinery.com\/wp-content\/uploads\/2023\/08\/logo-fuller-transparente.png","width":2208,"height":644,"caption":"Fuller Machinery"},"image":{"@id":"https:\/\/tienda.fullermachinery.com\/#\/schema\/logo\/image\/"}}]}},"jetpack_sharing_enabled":true,"_links":{"self":[{"href":"https:\/\/tienda.fullermachinery.com\/index.php\/wp-json\/wp\/v2\/product\/15904","targetHints":{"allow":["GET"]}}],"collection":[{"href":"https:\/\/tienda.fullermachinery.com\/index.php\/wp-json\/wp\/v2\/product"}],"about":[{"href":"https:\/\/tienda.fullermachinery.com\/index.php\/wp-json\/wp\/v2\/types\/product"}],"replies":[{"embeddable":true,"href":"https:\/\/tienda.fullermachinery.com\/index.php\/wp-json\/wp\/v2\/comments?post=15904"}],"version-history":[{"count":10,"href":"https:\/\/tienda.fullermachinery.com\/index.php\/wp-json\/wp\/v2\/product\/15904\/revisions"}],"predecessor-version":[{"id":18641,"href":"https:\/\/tienda.fullermachinery.com\/index.php\/wp-json\/wp\/v2\/product\/15904\/revisions\/18641"}],"wp:featuredmedia":[{"embeddable":true,"href":"https:\/\/tienda.fullermachinery.com\/index.php\/wp-json\/wp\/v2\/media\/16087"}],"wp:attachment":[{"href":"https:\/\/tienda.fullermachinery.com\/index.php\/wp-json\/wp\/v2\/media?parent=15904"}],"wp:term":[{"taxonomy":"product_brand","embeddable":true,"href":"https:\/\/tienda.fullermachinery.com\/index.php\/wp-json\/wp\/v2\/product_brand?post=15904"},{"taxonomy":"product_cat","embeddable":true,"href":"https:\/\/tienda.fullermachinery.com\/index.php\/wp-json\/wp\/v2\/product_cat?post=15904"},{"taxonomy":"product_tag","embeddable":true,"href":"https:\/\/tienda.fullermachinery.com\/index.php\/wp-json\/wp\/v2\/product_tag?post=15904"}],"curies":[{"name":"wp","href":"https:\/\/api.w.org\/{rel}","templated":true}]}}